{"id":11375,"date":"2025-07-22T13:45:32","date_gmt":"2025-07-22T11:45:32","guid":{"rendered":"https:\/\/radio-aviva.com\/perpignan\/?post_type=podcast&#038;p=11375"},"modified":"2025-07-22T12:06:22","modified_gmt":"2025-07-22T10:06:22","slug":"la-fabrica-a-ille-sur-tet-geoffrey-buisan-ingenieur","status":"publish","type":"podcast","link":"https:\/\/radio-aviva.com\/perpignan\/podcast\/la-fabrica-a-ille-sur-tet-geoffrey-buisan-ingenieur\/","title":{"rendered":"La Fabrica \u00e0 Ille sur T\u00eat &#8211; Geoffrey BUISAN, Ing\u00e9nieur"},"content":{"rendered":"<p>Culture , alimentation saine, formation, v\u00e9lo ! Qu\u2019est ce que la Fabrica ?<\/p>\n","protected":false},"author":329,"featured_media":11376,"template":"","tags":[],"podcastfilter":[190,191,142,314,188],"class_list":["post-11375","podcast","type-podcast","status-publish","has-post-thumbnail","hentry","podcastfilter-association","podcastfilter-bien-etre-2","podcastfilter-ecologie","podcastfilter-la-voix-des-assos","podcastfilter-sport"],"_links":{"self":[{"href":"https:\/\/radio-aviva.com\/perpignan\/wp-json\/wp\/v2\/podcast\/11375","targetHints":{"allow":["GET"]}}],"collection":[{"href":"https:\/\/radio-aviva.com\/perpignan\/wp-json\/wp\/v2\/podcast"}],"about":[{"href":"https:\/\/radio-aviva.com\/perpignan\/wp-json\/wp\/v2\/types\/podcast"}],"author":[{"embeddable":true,"href":"https:\/\/radio-aviva.com\/perpignan\/wp-json\/wp\/v2\/users\/329"}],"version-history":[{"count":1,"href":"https:\/\/radio-aviva.com\/perpignan\/wp-json\/wp\/v2\/podcast\/11375\/revisions"}],"predecessor-version":[{"id":11377,"href":"https:\/\/radio-aviva.com\/perpignan\/wp-json\/wp\/v2\/podcast\/11375\/revisions\/11377"}],"wp:featuredmedia":[{"embeddable":true,"href":"https:\/\/radio-aviva.com\/perpignan\/wp-json\/wp\/v2\/media\/11376"}],"wp:attachment":[{"href":"https:\/\/radio-aviva.com\/perpignan\/wp-json\/wp\/v2\/media?parent=11375"}],"wp:term":[{"taxonomy":"post_tag","embeddable":true,"href":"https:\/\/radio-aviva.com\/perpignan\/wp-json\/wp\/v2\/tags?post=11375"},{"taxonomy":"podcastfilter","embeddable":true,"href":"https:\/\/radio-aviva.com\/perpignan\/wp-json\/wp\/v2\/podcastfilter?post=11375"}],"curies":[{"name":"wp","href":"https:\/\/api.w.org\/{rel}","templated":true}]}}

La Fabrica à Ille sur Têt &#8211; Geoffrey BUISAN, Ingénieur

<p>Culture , alimentation saine, formation, vélo ! Qu’est ce que la Fabrica ?</p>
