{"id":11379,"date":"2025-07-23T10:28:55","date_gmt":"2025-07-23T08:28:55","guid":{"rendered":"https:\/\/radio-aviva.com\/perpignan\/?post_type=podcast&#038;p=11379"},"modified":"2025-07-23T10:28:55","modified_gmt":"2025-07-23T08:28:55","slug":"le-nouveau-festival-ici-et-maintenant-valerie-succarat-organisatrice","status":"publish","type":"podcast","link":"https:\/\/radio-aviva.com\/perpignan\/podcast\/le-nouveau-festival-ici-et-maintenant-valerie-succarat-organisatrice\/","title":{"rendered":"Le nouveau Festival Ici et Maintenant &#8211; Val\u00e9rie SUCCARAT , Organisatrice"},"content":{"rendered":"<p>Le tout nouveau festival de th\u00e9\u00e2tre\u00a0Ici &amp; Maintenant\u00a0investit le cadre unique du Fort Lagarde \u00e0 Prats-de-Mollo. Une premi\u00e8re \u00e9dition d&rsquo;un festival de th\u00e9\u00e2tre classique et contemporain tout public avec 4 repr\u00e9sentations nocturnes en plein air. Une programmation m\u00ealant troupes locales et nationales et une grande diversit\u00e9 artistique (Plusieurs artistes\/spectacles r\u00e9compens\u00e9s par un Moli\u00e8re)<\/p>\n","protected":false},"author":329,"featured_media":11380,"template":"","tags":[],"podcastfilter":[86,272,150,167,131],"class_list":["post-11379","podcast","type-podcast","status-publish","has-post-thumbnail","hentry","podcastfilter-art","podcastfilter-culture","podcastfilter-entracte","podcastfilter-festival","podcastfilter-theatre"],"_links":{"self":[{"href":"https:\/\/radio-aviva.com\/perpignan\/wp-json\/wp\/v2\/podcast\/11379","targetHints":{"allow":["GET"]}}],"collection":[{"href":"https:\/\/radio-aviva.com\/perpignan\/wp-json\/wp\/v2\/podcast"}],"about":[{"href":"https:\/\/radio-aviva.com\/perpignan\/wp-json\/wp\/v2\/types\/podcast"}],"author":[{"embeddable":true,"href":"https:\/\/radio-aviva.com\/perpignan\/wp-json\/wp\/v2\/users\/329"}],"version-history":[{"count":1,"href":"https:\/\/radio-aviva.com\/perpignan\/wp-json\/wp\/v2\/podcast\/11379\/revisions"}],"predecessor-version":[{"id":11381,"href":"https:\/\/radio-aviva.com\/perpignan\/wp-json\/wp\/v2\/podcast\/11379\/revisions\/11381"}],"wp:featuredmedia":[{"embeddable":true,"href":"https:\/\/radio-aviva.com\/perpignan\/wp-json\/wp\/v2\/media\/11380"}],"wp:attachment":[{"href":"https:\/\/radio-aviva.com\/perpignan\/wp-json\/wp\/v2\/media?parent=11379"}],"wp:term":[{"taxonomy":"post_tag","embeddable":true,"href":"https:\/\/radio-aviva.com\/perpignan\/wp-json\/wp\/v2\/tags?post=11379"},{"taxonomy":"podcastfilter","embeddable":true,"href":"https:\/\/radio-aviva.com\/perpignan\/wp-json\/wp\/v2\/podcastfilter?post=11379"}],"curies":[{"name":"wp","href":"https:\/\/api.w.org\/{rel}","templated":true}]}}

Le nouveau Festival Ici et Maintenant &#8211; Valérie SUCCARAT , Organisatrice

<p>Le tout nouveau festival de théâtre Ici &amp; Maintenant investit le cadre unique du Fort Lagarde à Prats-de-Mollo. Une première édition d&rsquo;un festival de théâtre classique et contemporain tout public avec 4 représentations nocturnes en plein air. Une programmation mêlant troupes locales et nationales et une grande diversité artistique (Plusieurs artistes/spectacles récompensés par un Molière)</p>
