{"id":11382,"date":"2025-07-23T10:36:51","date_gmt":"2025-07-23T08:36:51","guid":{"rendered":"https:\/\/radio-aviva.com\/perpignan\/?post_type=podcast&#038;p=11382"},"modified":"2025-07-23T10:36:51","modified_gmt":"2025-07-23T08:36:51","slug":"campagne-de-recrutement-de-benevoles-herve-miat-responsable-du-pole-accompagnement","status":"publish","type":"podcast","link":"https:\/\/radio-aviva.com\/perpignan\/podcast\/campagne-de-recrutement-de-benevoles-herve-miat-responsable-du-pole-accompagnement\/","title":{"rendered":"Campagne de recrutement de b\u00e9n\u00e9voles &#8211; Herv\u00e9 MIAT, Responsable du p\u00f4le accompagnement"},"content":{"rendered":"<p>L\u2019ASP L\u2019OLIVIER \u00e0 r\u00e9alis\u00e9 6400 accompagnements dans les PO et le Narbonnais. Etre b\u00e9n\u00e9vole d\u2019accompagnement aupr\u00e8s de personnes malades qu&rsquo;est ce que \u00e7a implique ? On en parle sur Radio Aviva.<\/p>\n","protected":false},"author":329,"featured_media":11240,"template":"","tags":[],"podcastfilter":[190,230,314,152,223],"class_list":["post-11382","podcast","type-podcast","status-publish","has-post-thumbnail","hentry","podcastfilter-association","podcastfilter-handicap","podcastfilter-la-voix-des-assos","podcastfilter-lien-social","podcastfilter-solidaire"],"_links":{"self":[{"href":"https:\/\/radio-aviva.com\/perpignan\/wp-json\/wp\/v2\/podcast\/11382","targetHints":{"allow":["GET"]}}],"collection":[{"href":"https:\/\/radio-aviva.com\/perpignan\/wp-json\/wp\/v2\/podcast"}],"about":[{"href":"https:\/\/radio-aviva.com\/perpignan\/wp-json\/wp\/v2\/types\/podcast"}],"author":[{"embeddable":true,"href":"https:\/\/radio-aviva.com\/perpignan\/wp-json\/wp\/v2\/users\/329"}],"version-history":[{"count":1,"href":"https:\/\/radio-aviva.com\/perpignan\/wp-json\/wp\/v2\/podcast\/11382\/revisions"}],"predecessor-version":[{"id":11383,"href":"https:\/\/radio-aviva.com\/perpignan\/wp-json\/wp\/v2\/podcast\/11382\/revisions\/11383"}],"wp:featuredmedia":[{"embeddable":true,"href":"https:\/\/radio-aviva.com\/perpignan\/wp-json\/wp\/v2\/media\/11240"}],"wp:attachment":[{"href":"https:\/\/radio-aviva.com\/perpignan\/wp-json\/wp\/v2\/media?parent=11382"}],"wp:term":[{"taxonomy":"post_tag","embeddable":true,"href":"https:\/\/radio-aviva.com\/perpignan\/wp-json\/wp\/v2\/tags?post=11382"},{"taxonomy":"podcastfilter","embeddable":true,"href":"https:\/\/radio-aviva.com\/perpignan\/wp-json\/wp\/v2\/podcastfilter?post=11382"}],"curies":[{"name":"wp","href":"https:\/\/api.w.org\/{rel}","templated":true}]}}

Campagne de recrutement de bénévoles &#8211; Hervé MIAT, Responsable du pôle accompagnement

<p>L’ASP L’OLIVIER à réalisé 6400 accompagnements dans les PO et le Narbonnais. Etre bénévole d’accompagnement auprès de personnes malades qu&rsquo;est ce que ça implique ? On en parle sur Radio Aviva.</p>
