{"id":11387,"date":"2025-07-24T12:05:01","date_gmt":"2025-07-24T10:05:01","guid":{"rendered":"https:\/\/radio-aviva.com\/perpignan\/?post_type=podcast&#038;p=11387"},"modified":"2025-07-24T12:05:55","modified_gmt":"2025-07-24T10:05:55","slug":"roman-juste-a-lequilibre-melanie-theault-romanciere","status":"publish","type":"podcast","link":"https:\/\/radio-aviva.com\/perpignan\/podcast\/roman-juste-a-lequilibre-melanie-theault-romanciere\/","title":{"rendered":"Roman Juste \u00e0 l&rsquo;\u00e9quilibre &#8211; M\u00e9lanie THEAULT, Romanci\u00e8re"},"content":{"rendered":"<p>M\u00e9lanie Th\u00e9ault est formatrice-consultante et exploratrice de l\u2019\u00eatre humain. Avec l&rsquo;\u00e9criture pour terrain de jeu, elle r\u00e9v\u00e8le le potentiel de chaque individu. Aujourd\u2019hui elle vient nous pr\u00e9senter son premier roman \u201cJuste \u00e0 l\u2019\u00e9quilibre\u201d \u00ab\u00a0un road-trip litt\u00e9raire\u00a0\u00bb, avec pour objectif de\u00a0rencontrer les lecteurs, d&rsquo;\u00e9changer, de d\u00e9dicacer et partager des moments inspirants\u00a0dans des lieux vivants comme des librairies, salon de th\u00e9, club de\u00a0lectures.<\/p>\n","protected":false},"author":329,"featured_media":11390,"template":"","tags":[],"podcastfilter":[272,281,212,213],"class_list":["post-11387","podcast","type-podcast","status-publish","has-post-thumbnail","hentry","podcastfilter-culture","podcastfilter-litterature","podcastfilter-livre","podcastfilter-marque-page"],"_links":{"self":[{"href":"https:\/\/radio-aviva.com\/perpignan\/wp-json\/wp\/v2\/podcast\/11387","targetHints":{"allow":["GET"]}}],"collection":[{"href":"https:\/\/radio-aviva.com\/perpignan\/wp-json\/wp\/v2\/podcast"}],"about":[{"href":"https:\/\/radio-aviva.com\/perpignan\/wp-json\/wp\/v2\/types\/podcast"}],"author":[{"embeddable":true,"href":"https:\/\/radio-aviva.com\/perpignan\/wp-json\/wp\/v2\/users\/329"}],"version-history":[{"count":1,"href":"https:\/\/radio-aviva.com\/perpignan\/wp-json\/wp\/v2\/podcast\/11387\/revisions"}],"predecessor-version":[{"id":11389,"href":"https:\/\/radio-aviva.com\/perpignan\/wp-json\/wp\/v2\/podcast\/11387\/revisions\/11389"}],"wp:featuredmedia":[{"embeddable":true,"href":"https:\/\/radio-aviva.com\/perpignan\/wp-json\/wp\/v2\/media\/11390"}],"wp:attachment":[{"href":"https:\/\/radio-aviva.com\/perpignan\/wp-json\/wp\/v2\/media?parent=11387"}],"wp:term":[{"taxonomy":"post_tag","embeddable":true,"href":"https:\/\/radio-aviva.com\/perpignan\/wp-json\/wp\/v2\/tags?post=11387"},{"taxonomy":"podcastfilter","embeddable":true,"href":"https:\/\/radio-aviva.com\/perpignan\/wp-json\/wp\/v2\/podcastfilter?post=11387"}],"curies":[{"name":"wp","href":"https:\/\/api.w.org\/{rel}","templated":true}]}}

Roman Juste à l&rsquo;équilibre &#8211; Mélanie THEAULT, Romancière

<p>Mélanie Théault est formatrice-consultante et exploratrice de l’être humain. Avec l&rsquo;écriture pour terrain de jeu, elle révèle le potentiel de chaque individu. Aujourd’hui elle vient nous présenter son premier roman “Juste à l’équilibre” « un road-trip littéraire », avec pour objectif de rencontrer les lecteurs, d&rsquo;échanger, de dédicacer et partager des moments inspirants dans des lieux vivants comme des librairies, salon de thé, club de lectures.</p>
