{"id":11395,"date":"2025-07-28T11:15:15","date_gmt":"2025-07-28T09:15:15","guid":{"rendered":"https:\/\/radio-aviva.com\/perpignan\/?post_type=podcast&#038;p=11395"},"modified":"2025-07-28T11:15:15","modified_gmt":"2025-07-28T09:15:15","slug":"france-travail-conseiller-referent-indemnisation-emmanuelle-cyndie","status":"publish","type":"podcast","link":"https:\/\/radio-aviva.com\/perpignan\/podcast\/france-travail-conseiller-referent-indemnisation-emmanuelle-cyndie\/","title":{"rendered":"France Travail, conseiller r\u00e9f\u00e9rent indemnisation &#8211; Emmanuelle, Cyndie"},"content":{"rendered":"<p>Emmanuelle et Cyndie nous parle Conseiller r\u00e9f\u00e9rent indemnisation.<\/p>\n","protected":false},"author":329,"featured_media":9006,"template":"","tags":[],"podcastfilter":[181,299,269,308,186,302],"class_list":["post-11395","podcast","type-podcast","status-publish","has-post-thumbnail","hentry","podcastfilter-emploi","podcastfilter-emploi-formations","podcastfilter-formation","podcastfilter-france-travail","podcastfilter-pyrenees-orientales-2","podcastfilter-quelques-minutes-pour-lemploi"],"_links":{"self":[{"href":"https:\/\/radio-aviva.com\/perpignan\/wp-json\/wp\/v2\/podcast\/11395","targetHints":{"allow":["GET"]}}],"collection":[{"href":"https:\/\/radio-aviva.com\/perpignan\/wp-json\/wp\/v2\/podcast"}],"about":[{"href":"https:\/\/radio-aviva.com\/perpignan\/wp-json\/wp\/v2\/types\/podcast"}],"author":[{"embeddable":true,"href":"https:\/\/radio-aviva.com\/perpignan\/wp-json\/wp\/v2\/users\/329"}],"version-history":[{"count":1,"href":"https:\/\/radio-aviva.com\/perpignan\/wp-json\/wp\/v2\/podcast\/11395\/revisions"}],"predecessor-version":[{"id":11396,"href":"https:\/\/radio-aviva.com\/perpignan\/wp-json\/wp\/v2\/podcast\/11395\/revisions\/11396"}],"wp:featuredmedia":[{"embeddable":true,"href":"https:\/\/radio-aviva.com\/perpignan\/wp-json\/wp\/v2\/media\/9006"}],"wp:attachment":[{"href":"https:\/\/radio-aviva.com\/perpignan\/wp-json\/wp\/v2\/media?parent=11395"}],"wp:term":[{"taxonomy":"post_tag","embeddable":true,"href":"https:\/\/radio-aviva.com\/perpignan\/wp-json\/wp\/v2\/tags?post=11395"},{"taxonomy":"podcastfilter","embeddable":true,"href":"https:\/\/radio-aviva.com\/perpignan\/wp-json\/wp\/v2\/podcastfilter?post=11395"}],"curies":[{"name":"wp","href":"https:\/\/api.w.org\/{rel}","templated":true}]}}

France Travail, conseiller référent indemnisation &#8211; Emmanuelle, Cyndie

<p>Emmanuelle et Cyndie nous parle Conseiller référent indemnisation.</p>
