{"id":11397,"date":"2025-07-29T13:45:00","date_gmt":"2025-07-29T11:45:00","guid":{"rendered":"https:\/\/radio-aviva.com\/perpignan\/?post_type=podcast&#038;p=11397"},"modified":"2025-07-28T13:33:14","modified_gmt":"2025-07-28T11:33:14","slug":"centre-departemental-de-memoire-des-po-alain-douglas-vice-president","status":"publish","type":"podcast","link":"https:\/\/radio-aviva.com\/perpignan\/podcast\/centre-departemental-de-memoire-des-po-alain-douglas-vice-president\/","title":{"rendered":"Centre d\u00e9partemental de m\u00e9moire des PO &#8211; Alain DOUGLAS, Vice pr\u00e9sident"},"content":{"rendered":"<p>Le Centre D\u00e9partemental de M\u00e9moire des Pyr\u00e9n\u00e9es-Orientales (CDM 66) est consacr\u00e9 \u00e0 l\u2019Histoire de notre nation de la R\u00e9volution jusqu\u2019aux grands conflits arm\u00e9s du XX -\u00e8me si\u00e8cle. Il remplit une mission \u00e9ducative et p\u00e9dagogique \u00e0 la crois\u00e9e de l\u2019Histoire nationale et locale, et de la citoyennet\u00e9.<\/p>\n","protected":false},"author":329,"featured_media":11398,"template":"","tags":[],"podcastfilter":[190,144,314,151,186],"class_list":["post-11397","podcast","type-podcast","status-publish","has-post-thumbnail","hentry","podcastfilter-association","podcastfilter-histoire","podcastfilter-la-voix-des-assos","podcastfilter-patrimoine","podcastfilter-pyrenees-orientales-2"],"_links":{"self":[{"href":"https:\/\/radio-aviva.com\/perpignan\/wp-json\/wp\/v2\/podcast\/11397","targetHints":{"allow":["GET"]}}],"collection":[{"href":"https:\/\/radio-aviva.com\/perpignan\/wp-json\/wp\/v2\/podcast"}],"about":[{"href":"https:\/\/radio-aviva.com\/perpignan\/wp-json\/wp\/v2\/types\/podcast"}],"author":[{"embeddable":true,"href":"https:\/\/radio-aviva.com\/perpignan\/wp-json\/wp\/v2\/users\/329"}],"version-history":[{"count":1,"href":"https:\/\/radio-aviva.com\/perpignan\/wp-json\/wp\/v2\/podcast\/11397\/revisions"}],"predecessor-version":[{"id":11399,"href":"https:\/\/radio-aviva.com\/perpignan\/wp-json\/wp\/v2\/podcast\/11397\/revisions\/11399"}],"wp:featuredmedia":[{"embeddable":true,"href":"https:\/\/radio-aviva.com\/perpignan\/wp-json\/wp\/v2\/media\/11398"}],"wp:attachment":[{"href":"https:\/\/radio-aviva.com\/perpignan\/wp-json\/wp\/v2\/media?parent=11397"}],"wp:term":[{"taxonomy":"post_tag","embeddable":true,"href":"https:\/\/radio-aviva.com\/perpignan\/wp-json\/wp\/v2\/tags?post=11397"},{"taxonomy":"podcastfilter","embeddable":true,"href":"https:\/\/radio-aviva.com\/perpignan\/wp-json\/wp\/v2\/podcastfilter?post=11397"}],"curies":[{"name":"wp","href":"https:\/\/api.w.org\/{rel}","templated":true}]}}

Centre départemental de mémoire des PO &#8211; Alain DOUGLAS, Vice président

<p>Le Centre Départemental de Mémoire des Pyrénées-Orientales (CDM 66) est consacré à l’Histoire de notre nation de la Révolution jusqu’aux grands conflits armés du XX -ème siècle. Il remplit une mission éducative et pédagogique à la croisée de l’Histoire nationale et locale, et de la citoyenneté.</p>
