{"id":11400,"date":"2025-07-30T13:45:00","date_gmt":"2025-07-30T11:45:00","guid":{"rendered":"https:\/\/radio-aviva.com\/perpignan\/?post_type=podcast&#038;p=11400"},"modified":"2025-07-29T10:02:41","modified_gmt":"2025-07-29T08:02:41","slug":"fete-de-lagriculture-66-ludovic-servant-benevole","status":"publish","type":"podcast","link":"https:\/\/radio-aviva.com\/perpignan\/podcast\/fete-de-lagriculture-66-ludovic-servant-benevole\/","title":{"rendered":"F\u00eate de l&rsquo;agriculture 66 &#8211; Ludovic SERVANT, B\u00e9n\u00e9vole"},"content":{"rendered":"<p>F\u00eate de l&rsquo;agriculture 66, c&rsquo;est une invitation \u00e0 red\u00e9couvrir le travail passionn\u00e9 des femmes et des hommes qui nous nourrissent.<\/p>\n","protected":false},"author":329,"featured_media":11401,"template":"","tags":[],"podcastfilter":[183,190,143,314,148],"class_list":["post-11400","podcast","type-podcast","status-publish","has-post-thumbnail","hentry","podcastfilter-agriculture","podcastfilter-association","podcastfilter-environnement","podcastfilter-la-voix-des-assos","podcastfilter-voix-des-assos"],"_links":{"self":[{"href":"https:\/\/radio-aviva.com\/perpignan\/wp-json\/wp\/v2\/podcast\/11400","targetHints":{"allow":["GET"]}}],"collection":[{"href":"https:\/\/radio-aviva.com\/perpignan\/wp-json\/wp\/v2\/podcast"}],"about":[{"href":"https:\/\/radio-aviva.com\/perpignan\/wp-json\/wp\/v2\/types\/podcast"}],"author":[{"embeddable":true,"href":"https:\/\/radio-aviva.com\/perpignan\/wp-json\/wp\/v2\/users\/329"}],"version-history":[{"count":1,"href":"https:\/\/radio-aviva.com\/perpignan\/wp-json\/wp\/v2\/podcast\/11400\/revisions"}],"predecessor-version":[{"id":11402,"href":"https:\/\/radio-aviva.com\/perpignan\/wp-json\/wp\/v2\/podcast\/11400\/revisions\/11402"}],"wp:featuredmedia":[{"embeddable":true,"href":"https:\/\/radio-aviva.com\/perpignan\/wp-json\/wp\/v2\/media\/11401"}],"wp:attachment":[{"href":"https:\/\/radio-aviva.com\/perpignan\/wp-json\/wp\/v2\/media?parent=11400"}],"wp:term":[{"taxonomy":"post_tag","embeddable":true,"href":"https:\/\/radio-aviva.com\/perpignan\/wp-json\/wp\/v2\/tags?post=11400"},{"taxonomy":"podcastfilter","embeddable":true,"href":"https:\/\/radio-aviva.com\/perpignan\/wp-json\/wp\/v2\/podcastfilter?post=11400"}],"curies":[{"name":"wp","href":"https:\/\/api.w.org\/{rel}","templated":true}]}}

Fête de l&rsquo;agriculture 66 &#8211; Ludovic SERVANT, Bénévole

<p>Fête de l&rsquo;agriculture 66, c&rsquo;est une invitation à redécouvrir le travail passionné des femmes et des hommes qui nous nourrissent.</p>
