{"id":11403,"date":"2025-07-31T10:00:31","date_gmt":"2025-07-31T08:00:31","guid":{"rendered":"https:\/\/radio-aviva.com\/perpignan\/?post_type=podcast&#038;p=11403"},"modified":"2025-07-30T13:57:52","modified_gmt":"2025-07-30T11:57:52","slug":"le-solar-waves-festival-joffrey-outtier-responsable-com-nils-co-fondateur","status":"publish","type":"podcast","link":"https:\/\/radio-aviva.com\/perpignan\/podcast\/le-solar-waves-festival-joffrey-outtier-responsable-com-nils-co-fondateur\/","title":{"rendered":"Le Solar Waves Festival &#8211; Joffrey OUTTIER, Responsable com, NILS, Co fondateur"},"content":{"rendered":"<p>Le Grand Circuit Roussillon accueille la premi\u00e8re \u00e9dition du SOLAR WAVES FESTIVAL les 15 et 16 Aout. La premi\u00e8re fusion entre festival \u00e9lectro et sport m\u00e9canique en France.<\/p>\n","protected":false},"author":329,"featured_media":11404,"template":"","tags":[],"podcastfilter":[209,141,150,255,167],"class_list":["post-11403","podcast","type-podcast","status-publish","has-post-thumbnail","hentry","podcastfilter-concert","podcastfilter-dj-set","podcastfilter-entracte","podcastfilter-evenement","podcastfilter-festival"],"_links":{"self":[{"href":"https:\/\/radio-aviva.com\/perpignan\/wp-json\/wp\/v2\/podcast\/11403","targetHints":{"allow":["GET"]}}],"collection":[{"href":"https:\/\/radio-aviva.com\/perpignan\/wp-json\/wp\/v2\/podcast"}],"about":[{"href":"https:\/\/radio-aviva.com\/perpignan\/wp-json\/wp\/v2\/types\/podcast"}],"author":[{"embeddable":true,"href":"https:\/\/radio-aviva.com\/perpignan\/wp-json\/wp\/v2\/users\/329"}],"version-history":[{"count":1,"href":"https:\/\/radio-aviva.com\/perpignan\/wp-json\/wp\/v2\/podcast\/11403\/revisions"}],"predecessor-version":[{"id":11405,"href":"https:\/\/radio-aviva.com\/perpignan\/wp-json\/wp\/v2\/podcast\/11403\/revisions\/11405"}],"wp:featuredmedia":[{"embeddable":true,"href":"https:\/\/radio-aviva.com\/perpignan\/wp-json\/wp\/v2\/media\/11404"}],"wp:attachment":[{"href":"https:\/\/radio-aviva.com\/perpignan\/wp-json\/wp\/v2\/media?parent=11403"}],"wp:term":[{"taxonomy":"post_tag","embeddable":true,"href":"https:\/\/radio-aviva.com\/perpignan\/wp-json\/wp\/v2\/tags?post=11403"},{"taxonomy":"podcastfilter","embeddable":true,"href":"https:\/\/radio-aviva.com\/perpignan\/wp-json\/wp\/v2\/podcastfilter?post=11403"}],"curies":[{"name":"wp","href":"https:\/\/api.w.org\/{rel}","templated":true}]}}

<p>Le Grand Circuit Roussillon accueille la première édition du SOLAR WAVES FESTIVAL les 15 et 16 Aout. La première fusion entre festival électro et sport mécanique en France.</p>
