{"id":11406,"date":"2025-07-31T10:30:52","date_gmt":"2025-07-31T08:30:52","guid":{"rendered":"https:\/\/radio-aviva.com\/perpignan\/?post_type=podcast&#038;p=11406"},"modified":"2025-07-30T14:02:36","modified_gmt":"2025-07-30T12:02:36","slug":"le-centro-espagnol-rose-rodriguez-denis-presidente","status":"publish","type":"podcast","link":"https:\/\/radio-aviva.com\/perpignan\/podcast\/le-centro-espagnol-rose-rodriguez-denis-presidente\/","title":{"rendered":"Le centro espagnol &#8211; Rose RODRIGUEZ DENIS, Pr\u00e9sidente"},"content":{"rendered":"<p>L&rsquo;origine de l&rsquo;association remonte \u00e0 f\u00e9vrier 1888\u00a0sous forme d&rsquo;une \u00ab Soci\u00e9t\u00e9 de Secours Mutuels \u00bb afin de procurer une assistance aux travailleurs manuels en provenance d&rsquo;Espagne. Qu\u2019est ce que le Centro Espagnol \u00e0 Perpignan ? Quel est son r\u00f4le, son histoire ? Radio Aviva invite sa pr\u00e9sidente, Madame Rose RODRIGUEZ-DENIS.<\/p>\n","protected":false},"author":329,"featured_media":11407,"template":"","tags":[],"podcastfilter":[190,260,286,314,335],"class_list":["post-11406","podcast","type-podcast","status-publish","has-post-thumbnail","hentry","podcastfilter-association","podcastfilter-catalanite","podcastfilter-institution","podcastfilter-la-voix-des-assos","podcastfilter-pays-catalan"],"_links":{"self":[{"href":"https:\/\/radio-aviva.com\/perpignan\/wp-json\/wp\/v2\/podcast\/11406","targetHints":{"allow":["GET"]}}],"collection":[{"href":"https:\/\/radio-aviva.com\/perpignan\/wp-json\/wp\/v2\/podcast"}],"about":[{"href":"https:\/\/radio-aviva.com\/perpignan\/wp-json\/wp\/v2\/types\/podcast"}],"author":[{"embeddable":true,"href":"https:\/\/radio-aviva.com\/perpignan\/wp-json\/wp\/v2\/users\/329"}],"version-history":[{"count":1,"href":"https:\/\/radio-aviva.com\/perpignan\/wp-json\/wp\/v2\/podcast\/11406\/revisions"}],"predecessor-version":[{"id":11408,"href":"https:\/\/radio-aviva.com\/perpignan\/wp-json\/wp\/v2\/podcast\/11406\/revisions\/11408"}],"wp:featuredmedia":[{"embeddable":true,"href":"https:\/\/radio-aviva.com\/perpignan\/wp-json\/wp\/v2\/media\/11407"}],"wp:attachment":[{"href":"https:\/\/radio-aviva.com\/perpignan\/wp-json\/wp\/v2\/media?parent=11406"}],"wp:term":[{"taxonomy":"post_tag","embeddable":true,"href":"https:\/\/radio-aviva.com\/perpignan\/wp-json\/wp\/v2\/tags?post=11406"},{"taxonomy":"podcastfilter","embeddable":true,"href":"https:\/\/radio-aviva.com\/perpignan\/wp-json\/wp\/v2\/podcastfilter?post=11406"}],"curies":[{"name":"wp","href":"https:\/\/api.w.org\/{rel}","templated":true}]}}

Le centro espagnol &#8211; Rose RODRIGUEZ DENIS, Présidente

<p>L&rsquo;origine de l&rsquo;association remonte à février 1888 sous forme d&rsquo;une « Société de Secours Mutuels » afin de procurer une assistance aux travailleurs manuels en provenance d&rsquo;Espagne. Qu’est ce que le Centro Espagnol à Perpignan ? Quel est son rôle, son histoire ? Radio Aviva invite sa présidente, Madame Rose RODRIGUEZ-DENIS.</p>
