{"id":11412,"date":"2025-07-31T11:06:53","date_gmt":"2025-07-31T09:06:53","guid":{"rendered":"https:\/\/radio-aviva.com\/perpignan\/?post_type=podcast&#038;p=11412"},"modified":"2025-07-31T11:15:56","modified_gmt":"2025-07-31T09:15:56","slug":"braderie-des-commercant-du-centre-ville-de-perpignan-avec-anthony-morelli-responsable-evenementiel","status":"publish","type":"podcast","link":"https:\/\/radio-aviva.com\/perpignan\/podcast\/braderie-des-commercant-du-centre-ville-de-perpignan-avec-anthony-morelli-responsable-evenementiel\/","title":{"rendered":"BRADERIE DES COMMERCANT DU CENTRE VILLE DE PERPIGNAN  avec Anthony  MORELLI, Responsable \u00e9v\u00e8nementiel"},"content":{"rendered":"<p>Les commer\u00e7ants du centre ville de Perpignan font le grande braderie!<\/p>\n<p>Du 31 juillet au 02 aout et du 07 au 09 aout grande braderie dans le centre ville de ville avec les commer\u00e7ants autour de moultes animations.<\/p>\n","protected":false},"author":329,"featured_media":11413,"template":"","tags":[],"podcastfilter":[358,359],"class_list":["post-11412","podcast","type-podcast","status-publish","has-post-thumbnail","hentry","podcastfilter-braderie-de-perpignan","podcastfilter-perpimoi"],"_links":{"self":[{"href":"https:\/\/radio-aviva.com\/perpignan\/wp-json\/wp\/v2\/podcast\/11412","targetHints":{"allow":["GET"]}}],"collection":[{"href":"https:\/\/radio-aviva.com\/perpignan\/wp-json\/wp\/v2\/podcast"}],"about":[{"href":"https:\/\/radio-aviva.com\/perpignan\/wp-json\/wp\/v2\/types\/podcast"}],"author":[{"embeddable":true,"href":"https:\/\/radio-aviva.com\/perpignan\/wp-json\/wp\/v2\/users\/329"}],"version-history":[{"count":1,"href":"https:\/\/radio-aviva.com\/perpignan\/wp-json\/wp\/v2\/podcast\/11412\/revisions"}],"predecessor-version":[{"id":11414,"href":"https:\/\/radio-aviva.com\/perpignan\/wp-json\/wp\/v2\/podcast\/11412\/revisions\/11414"}],"wp:featuredmedia":[{"embeddable":true,"href":"https:\/\/radio-aviva.com\/perpignan\/wp-json\/wp\/v2\/media\/11413"}],"wp:attachment":[{"href":"https:\/\/radio-aviva.com\/perpignan\/wp-json\/wp\/v2\/media?parent=11412"}],"wp:term":[{"taxonomy":"post_tag","embeddable":true,"href":"https:\/\/radio-aviva.com\/perpignan\/wp-json\/wp\/v2\/tags?post=11412"},{"taxonomy":"podcastfilter","embeddable":true,"href":"https:\/\/radio-aviva.com\/perpignan\/wp-json\/wp\/v2\/podcastfilter?post=11412"}],"curies":[{"name":"wp","href":"https:\/\/api.w.org\/{rel}","templated":true}]}}

BRADERIE DES COMMERCANT DU CENTRE VILLE DE PERPIGNAN  avec Anthony  MORELLI, Responsable évènementiel

<p>Les commerçants du centre ville de Perpignan font le grande braderie!</p>
<p>Du 31 juillet au 02 aout et du 07 au 09 aout grande braderie dans le centre ville de ville avec les commerçants autour de moultes animations.</p>
