{"id":11415,"date":"2025-08-07T10:00:13","date_gmt":"2025-08-07T08:00:13","guid":{"rendered":"https:\/\/radio-aviva.com\/perpignan\/?post_type=podcast&#038;p=11415"},"modified":"2025-08-06T11:08:11","modified_gmt":"2025-08-06T09:08:11","slug":"festival-cours-circuit-66-pierre-alfred-eberfard-fondateur-et-directeur-artistique","status":"publish","type":"podcast","link":"https:\/\/radio-aviva.com\/perpignan\/podcast\/festival-cours-circuit-66-pierre-alfred-eberfard-fondateur-et-directeur-artistique\/","title":{"rendered":"FESTIVAL COURS CIRCUIT 66  &#8211; Pierre Alfred EBERFARD, Fondateur et directeur artistique"},"content":{"rendered":"<p>Le festival Court circuit 66 est de retour dans les PO ! On parle ensemble de ce festival d\u2019\u00e9t\u00e9 itin\u00e9rant et surtout gratuit.<\/p>\n<p>Du 12 ao\u00fbt au 21 septembre 2025, dans 30 communes des Pyr\u00e9n\u00e9es Orientales et lieux culturel et l&rsquo;Empord\u00e1 , m\u00ealant projections, rencontres, concerts, performances, lectures et d\u00e9gustations de produits locaux.<\/p>\n","protected":false},"author":329,"featured_media":11417,"template":"","tags":[],"podcastfilter":[363,361,362],"class_list":["post-11415","podcast","type-podcast","status-publish","has-post-thumbnail","hentry","podcastfilter-courts-metrages","podcastfilter-festival-courts-circuit-66","podcastfilter-gratuit"],"_links":{"self":[{"href":"https:\/\/radio-aviva.com\/perpignan\/wp-json\/wp\/v2\/podcast\/11415","targetHints":{"allow":["GET"]}}],"collection":[{"href":"https:\/\/radio-aviva.com\/perpignan\/wp-json\/wp\/v2\/podcast"}],"about":[{"href":"https:\/\/radio-aviva.com\/perpignan\/wp-json\/wp\/v2\/types\/podcast"}],"author":[{"embeddable":true,"href":"https:\/\/radio-aviva.com\/perpignan\/wp-json\/wp\/v2\/users\/329"}],"version-history":[{"count":1,"href":"https:\/\/radio-aviva.com\/perpignan\/wp-json\/wp\/v2\/podcast\/11415\/revisions"}],"predecessor-version":[{"id":11418,"href":"https:\/\/radio-aviva.com\/perpignan\/wp-json\/wp\/v2\/podcast\/11415\/revisions\/11418"}],"wp:featuredmedia":[{"embeddable":true,"href":"https:\/\/radio-aviva.com\/perpignan\/wp-json\/wp\/v2\/media\/11417"}],"wp:attachment":[{"href":"https:\/\/radio-aviva.com\/perpignan\/wp-json\/wp\/v2\/media?parent=11415"}],"wp:term":[{"taxonomy":"post_tag","embeddable":true,"href":"https:\/\/radio-aviva.com\/perpignan\/wp-json\/wp\/v2\/tags?post=11415"},{"taxonomy":"podcastfilter","embeddable":true,"href":"https:\/\/radio-aviva.com\/perpignan\/wp-json\/wp\/v2\/podcastfilter?post=11415"}],"curies":[{"name":"wp","href":"https:\/\/api.w.org\/{rel}","templated":true}]}}

<p>Le festival Court circuit 66 est de retour dans les PO ! On parle ensemble de ce festival d’été itinérant et surtout gratuit.</p>
<p>Du 12 août au 21 septembre 2025, dans 30 communes des Pyrénées Orientales et lieux culturel et l&rsquo;Empordá , mêlant projections, rencontres, concerts, performances, lectures et dégustations de produits locaux.</p>
