{"id":11429,"date":"2025-08-13T09:45:20","date_gmt":"2025-08-13T07:45:20","guid":{"rendered":"https:\/\/radio-aviva.com\/perpignan\/?post_type=podcast&#038;p=11429"},"modified":"2025-08-12T08:50:47","modified_gmt":"2025-08-12T06:50:47","slug":"le-cercle-des-auteurs-catalans-eva-saracino-co-presidente","status":"publish","type":"podcast","link":"https:\/\/radio-aviva.com\/perpignan\/podcast\/le-cercle-des-auteurs-catalans-eva-saracino-co-presidente\/","title":{"rendered":"LE CERCLE DES AUTEURS CATALANS &#8211; Eva SARACINO, CO PRESIDENTE"},"content":{"rendered":"<p>Le\u00a0Cercle des Auteurs Catalans\u00a0poursuit sa tourn\u00e9e estivale \u00e0 travers les Pyr\u00e9n\u00e9es-Orientales<\/p>\n<p>Apr\u00e8s plus de quatre ans d\u2019existence, le CAC66 poursuit sa mission de renouvellement et d\u2019enrichissement de son r\u00f4le dans le paysage litt\u00e9raire et culturel du pays catalan. Dimanche 17 aout le salon du livre et des arts, se pose \u00e0 Villefranche de Conflent. Une trentaine d&rsquo;auteurs, une quinzaine d&rsquo;artistes envahissent la cit\u00e9 pour vous pr\u00e9senter leurs \u0153uvres litt\u00e9raires et picturales. Un grand rendez-vous de la culture au c\u0153ur d&rsquo;une cit\u00e9 mill\u00e9naire class\u00e9e au patrimoine Mondial de l&rsquo;Unesco.<\/p>\n","protected":false},"author":329,"featured_media":11430,"template":"","tags":[],"podcastfilter":[369,370,371],"class_list":["post-11429","podcast","type-podcast","status-publish","has-post-thumbnail","hentry","podcastfilter-cercle-des-auteurs-catalans","podcastfilter-salon-litterature","podcastfilter-villefranche-de-conflent"],"_links":{"self":[{"href":"https:\/\/radio-aviva.com\/perpignan\/wp-json\/wp\/v2\/podcast\/11429","targetHints":{"allow":["GET"]}}],"collection":[{"href":"https:\/\/radio-aviva.com\/perpignan\/wp-json\/wp\/v2\/podcast"}],"about":[{"href":"https:\/\/radio-aviva.com\/perpignan\/wp-json\/wp\/v2\/types\/podcast"}],"author":[{"embeddable":true,"href":"https:\/\/radio-aviva.com\/perpignan\/wp-json\/wp\/v2\/users\/329"}],"version-history":[{"count":1,"href":"https:\/\/radio-aviva.com\/perpignan\/wp-json\/wp\/v2\/podcast\/11429\/revisions"}],"predecessor-version":[{"id":11431,"href":"https:\/\/radio-aviva.com\/perpignan\/wp-json\/wp\/v2\/podcast\/11429\/revisions\/11431"}],"wp:featuredmedia":[{"embeddable":true,"href":"https:\/\/radio-aviva.com\/perpignan\/wp-json\/wp\/v2\/media\/11430"}],"wp:attachment":[{"href":"https:\/\/radio-aviva.com\/perpignan\/wp-json\/wp\/v2\/media?parent=11429"}],"wp:term":[{"taxonomy":"post_tag","embeddable":true,"href":"https:\/\/radio-aviva.com\/perpignan\/wp-json\/wp\/v2\/tags?post=11429"},{"taxonomy":"podcastfilter","embeddable":true,"href":"https:\/\/radio-aviva.com\/perpignan\/wp-json\/wp\/v2\/podcastfilter?post=11429"}],"curies":[{"name":"wp","href":"https:\/\/api.w.org\/{rel}","templated":true}]}}

<p>Le Cercle des Auteurs Catalans poursuit sa tournée estivale à travers les Pyrénées-Orientales</p>
<p>Après plus de quatre ans d’existence, le CAC66 poursuit sa mission de renouvellement et d’enrichissement de son rôle dans le paysage littéraire et culturel du pays catalan. Dimanche 17 aout le salon du livre et des arts, se pose à Villefranche de Conflent. Une trentaine d&rsquo;auteurs, une quinzaine d&rsquo;artistes envahissent la cité pour vous présenter leurs œuvres littéraires et picturales. Un grand rendez-vous de la culture au cœur d&rsquo;une cité millénaire classée au patrimoine Mondial de l&rsquo;Unesco.</p>
