{"id":11445,"date":"2025-08-25T10:00:40","date_gmt":"2025-08-25T08:00:40","guid":{"rendered":"https:\/\/radio-aviva.com\/perpignan\/?post_type=podcast&#038;p=11445"},"modified":"2025-08-22T13:31:29","modified_gmt":"2025-08-22T11:31:29","slug":"par-ci-par-la-avec-melissa-bernard-chargee-de-mission-education-et-developpement-durable-parc-naturel-regional-corbieres-fenouilledes","status":"publish","type":"podcast","link":"https:\/\/radio-aviva.com\/perpignan\/podcast\/par-ci-par-la-avec-melissa-bernard-chargee-de-mission-education-et-developpement-durable-parc-naturel-regional-corbieres-fenouilledes\/","title":{"rendered":"PAR CI PAR LA avec M\u00e9lissa BERNARD, Charg\u00e9e de mission \u00e9ducation et d\u00e9veloppement durable Parc Naturel R\u00e9gional Corbi\u00e8res-Fenouill\u00e8des"},"content":{"rendered":"<p>Le Parc naturel r\u00e9gional Corbi\u00e8res-Fenouill\u00e8des vous invite \u00e0 d\u00e9couvrir les liens \u00e9troits entre patrimoine historique et richesses naturelles.<\/p>\n<p>Entre les vieilles pierres de Latour-De-France se cache un tr\u00e9sor naturel insoup\u00e7onn\u00e9 \u00e0 explorer lors d&rsquo;une balade m\u00ealant histoire, botanique et observation nocturne.<\/p>\n","protected":false},"author":329,"featured_media":11446,"template":"","tags":[],"podcastfilter":[378,379,377],"class_list":["post-11445","podcast","type-podcast","status-publish","has-post-thumbnail","hentry","podcastfilter-decouverte","podcastfilter-en-famille","podcastfilter-parc-naturel-regional-corbieres-fenouilledes-2"],"_links":{"self":[{"href":"https:\/\/radio-aviva.com\/perpignan\/wp-json\/wp\/v2\/podcast\/11445","targetHints":{"allow":["GET"]}}],"collection":[{"href":"https:\/\/radio-aviva.com\/perpignan\/wp-json\/wp\/v2\/podcast"}],"about":[{"href":"https:\/\/radio-aviva.com\/perpignan\/wp-json\/wp\/v2\/types\/podcast"}],"author":[{"embeddable":true,"href":"https:\/\/radio-aviva.com\/perpignan\/wp-json\/wp\/v2\/users\/329"}],"version-history":[{"count":1,"href":"https:\/\/radio-aviva.com\/perpignan\/wp-json\/wp\/v2\/podcast\/11445\/revisions"}],"predecessor-version":[{"id":11447,"href":"https:\/\/radio-aviva.com\/perpignan\/wp-json\/wp\/v2\/podcast\/11445\/revisions\/11447"}],"wp:featuredmedia":[{"embeddable":true,"href":"https:\/\/radio-aviva.com\/perpignan\/wp-json\/wp\/v2\/media\/11446"}],"wp:attachment":[{"href":"https:\/\/radio-aviva.com\/perpignan\/wp-json\/wp\/v2\/media?parent=11445"}],"wp:term":[{"taxonomy":"post_tag","embeddable":true,"href":"https:\/\/radio-aviva.com\/perpignan\/wp-json\/wp\/v2\/tags?post=11445"},{"taxonomy":"podcastfilter","embeddable":true,"href":"https:\/\/radio-aviva.com\/perpignan\/wp-json\/wp\/v2\/podcastfilter?post=11445"}],"curies":[{"name":"wp","href":"https:\/\/api.w.org\/{rel}","templated":true}]}}

PAR CI PAR LA avec Mélissa BERNARD, Chargée de mission éducation et développement durable Parc Naturel Régional Corbières-Fenouillèdes

<p>Le Parc naturel régional Corbières-Fenouillèdes vous invite à découvrir les liens étroits entre patrimoine historique et richesses naturelles.</p>
<p>Entre les vieilles pierres de Latour-De-France se cache un trésor naturel insoupçonné à explorer lors d&rsquo;une balade mêlant histoire, botanique et observation nocturne.</p>
