{"id":11453,"date":"2025-08-27T10:00:29","date_gmt":"2025-08-27T08:00:29","guid":{"rendered":"https:\/\/radio-aviva.com\/perpignan\/?post_type=podcast&#038;p=11453"},"modified":"2025-08-26T11:46:30","modified_gmt":"2025-08-26T09:46:30","slug":"memoires-culinaires-en-corbieres-fenouilledes-philippe-marcy-animateur-territorial","status":"publish","type":"podcast","link":"https:\/\/radio-aviva.com\/perpignan\/podcast\/memoires-culinaires-en-corbieres-fenouilledes-philippe-marcy-animateur-territorial\/","title":{"rendered":"MEMOIRES CULINAIRES EN CORBIERES FENOUILLEDES &#8211; Philippe MARCY, Animateur territorial"},"content":{"rendered":"<p>M\u00e9moires Culinaires en Corbi\u00e8res-Fenouill\u00e8des au \u00e9dition Plume de Carotte.<\/p>\n<p>Bien plus qu\u2019un beau livre de recettes, \u201cM\u00e9moires Culinaires en Corbi\u00e8res-Fenouill\u00e8des\u201d c\u2019est entr\u00e9e dans une cuisine 4 P : Plats, portraits, paroles et paysages.\u00a0Avec la participation du Parc Naturel R\u00e9gional Corbi\u00e8res-Fenouill\u00e8des, cet ouvrage s&rsquo;av\u00e8re \u00eatre avant tout une d\u00e9claration d&rsquo;amour aux traditions et \u00e0 la transmission. Philippe Marcy, collecteur de m\u00e9moires est au micro de Jean Dustou.<\/p>\n","protected":false},"author":329,"featured_media":11454,"template":"","tags":[],"podcastfilter":[384,385,383],"class_list":["post-11453","podcast","type-podcast","status-publish","has-post-thumbnail","hentry","podcastfilter-corbieres-fenouilledes","podcastfilter-traditions","podcastfilter-transmission"],"_links":{"self":[{"href":"https:\/\/radio-aviva.com\/perpignan\/wp-json\/wp\/v2\/podcast\/11453","targetHints":{"allow":["GET"]}}],"collection":[{"href":"https:\/\/radio-aviva.com\/perpignan\/wp-json\/wp\/v2\/podcast"}],"about":[{"href":"https:\/\/radio-aviva.com\/perpignan\/wp-json\/wp\/v2\/types\/podcast"}],"author":[{"embeddable":true,"href":"https:\/\/radio-aviva.com\/perpignan\/wp-json\/wp\/v2\/users\/329"}],"version-history":[{"count":1,"href":"https:\/\/radio-aviva.com\/perpignan\/wp-json\/wp\/v2\/podcast\/11453\/revisions"}],"predecessor-version":[{"id":11455,"href":"https:\/\/radio-aviva.com\/perpignan\/wp-json\/wp\/v2\/podcast\/11453\/revisions\/11455"}],"wp:featuredmedia":[{"embeddable":true,"href":"https:\/\/radio-aviva.com\/perpignan\/wp-json\/wp\/v2\/media\/11454"}],"wp:attachment":[{"href":"https:\/\/radio-aviva.com\/perpignan\/wp-json\/wp\/v2\/media?parent=11453"}],"wp:term":[{"taxonomy":"post_tag","embeddable":true,"href":"https:\/\/radio-aviva.com\/perpignan\/wp-json\/wp\/v2\/tags?post=11453"},{"taxonomy":"podcastfilter","embeddable":true,"href":"https:\/\/radio-aviva.com\/perpignan\/wp-json\/wp\/v2\/podcastfilter?post=11453"}],"curies":[{"name":"wp","href":"https:\/\/api.w.org\/{rel}","templated":true}]}}

<p>Mémoires Culinaires en Corbières-Fenouillèdes au édition Plume de Carotte.</p>
<p>Bien plus qu’un beau livre de recettes, “Mémoires Culinaires en Corbières-Fenouillèdes” c’est entrée dans une cuisine 4 P : Plats, portraits, paroles et paysages. Avec la participation du Parc Naturel Régional Corbières-Fenouillèdes, cet ouvrage s&rsquo;avère être avant tout une déclaration d&rsquo;amour aux traditions et à la transmission. Philippe Marcy, collecteur de mémoires est au micro de Jean Dustou.</p>
