{"id":11456,"date":"2025-08-29T17:15:25","date_gmt":"2025-08-29T15:15:25","guid":{"rendered":"https:\/\/radio-aviva.com\/perpignan\/podcast\/campus-avec-liliane-dray-la-12ieme-edition-des-journees-nationales-daction-contre-lillettrisme\/"},"modified":"2025-08-29T17:15:25","modified_gmt":"2025-08-29T15:15:25","slug":"campus-avec-liliane-dray-la-12ieme-edition-des-journees-nationales-daction-contre-lillettrisme","status":"publish","type":"podcast","link":"https:\/\/radio-aviva.com\/perpignan\/podcast\/campus-avec-liliane-dray-la-12ieme-edition-des-journees-nationales-daction-contre-lillettrisme\/","title":{"rendered":"Campus avec Liliane Dray : La 12i\u00e8me \u00e9dition des Journ\u00e9es Nationales d&rsquo;Action contre l&rsquo;Illettrisme"},"content":{"rendered":"<p>Dans ce sp\u00e9cial Campus on pr\u00e9sente la 12 e \u00e9dition des Journ\u00e9es Nationales d\u2019Action contre l\u2019Illettrisme, les c\u00e9l\u00e8bres JNAI qui se d\u00e9roulent du 08 au 15\/09\/2025<\/p>\n<p>Revenons sur les grands axes, l\u2019origine de ces journ\u00e9es et leurs objectifs :<\/p>\n<p>Pourquoi avoir plac\u00e9 les jeunes au c\u0153ur de la campagne 2025\u00a0?<\/p>\n<p>Que r\u00e9v\u00e8le le slogan de la dynamique ANLCI 2025 \u00ab Apprendre, c\u2019est reprendre le contr\u00f4le \u00bb<\/p>\n<p>Quel r\u00f4le peut-on jouer pour la diffusion, le relai de ces messages, pour faire bouger les id\u00e9es re\u00e7ues sur le sujet et montrer que des solutions existent, y compris pour les plus jeunes\u00a0?<\/p>\n<p>Plus d\u2019infos en allant sur le site de ces journ\u00e9es <a href=\"http:\/\/www.illettrisme-journees.fr\/\" target=\"_blank\" rel=\"noopener noreferrer\">www.illettrisme-journees.fr<\/a><\/p>\n","protected":false},"author":1,"featured_media":8857,"template":"","tags":[],"podcastfilter":[147,87,108,109],"class_list":["post-11456","podcast","type-podcast","status-publish","has-post-thumbnail","hentry","podcastfilter-campus","podcastfilter-montpellier","podcastfilter-nimes","podcastfilter-perpignan"],"_links":{"self":[{"href":"https:\/\/radio-aviva.com\/perpignan\/wp-json\/wp\/v2\/podcast\/11456","targetHints":{"allow":["GET"]}}],"collection":[{"href":"https:\/\/radio-aviva.com\/perpignan\/wp-json\/wp\/v2\/podcast"}],"about":[{"href":"https:\/\/radio-aviva.com\/perpignan\/wp-json\/wp\/v2\/types\/podcast"}],"author":[{"embeddable":true,"href":"https:\/\/radio-aviva.com\/perpignan\/wp-json\/wp\/v2\/users\/1"}],"version-history":[{"count":0,"href":"https:\/\/radio-aviva.com\/perpignan\/wp-json\/wp\/v2\/podcast\/11456\/revisions"}],"wp:featuredmedia":[{"embeddable":true,"href":"https:\/\/radio-aviva.com\/perpignan\/wp-json\/wp\/v2\/media\/8857"}],"wp:attachment":[{"href":"https:\/\/radio-aviva.com\/perpignan\/wp-json\/wp\/v2\/media?parent=11456"}],"wp:term":[{"taxonomy":"post_tag","embeddable":true,"href":"https:\/\/radio-aviva.com\/perpignan\/wp-json\/wp\/v2\/tags?post=11456"},{"taxonomy":"podcastfilter","embeddable":true,"href":"https:\/\/radio-aviva.com\/perpignan\/wp-json\/wp\/v2\/podcastfilter?post=11456"}],"curies":[{"name":"wp","href":"https:\/\/api.w.org\/{rel}","templated":true}]}}

Campus avec Liliane Dray : La 12ième édition des Journées Nationales d&rsquo;Action contre l&rsquo;Illettrisme

<p>Dans ce spécial Campus on présente la 12 e édition des Journées Nationales d’Action contre l’Illettrisme, les célèbres JNAI qui se déroulent du 08 au 15/09/2025</p>
<p>Revenons sur les grands axes, l’origine de ces journées et leurs objectifs :</p>
<p>Pourquoi avoir placé les jeunes au cœur de la campagne 2025 ?</p>
<p>Que révèle le slogan de la dynamique ANLCI 2025 « Apprendre, c’est reprendre le contrôle »</p>
<p>Quel rôle peut-on jouer pour la diffusion, le relai de ces messages, pour faire bouger les idées reçues sur le sujet et montrer que des solutions existent, y compris pour les plus jeunes ?</p>
<p>Plus d’infos en allant sur le site de ces journées <a href="http://www.illettrisme-journees.fr/" target="_blank" rel="noopener noreferrer">www.illettrisme-journees.fr</a></p>
