{"id":11457,"date":"2025-08-29T17:26:56","date_gmt":"2025-08-29T15:26:56","guid":{"rendered":"https:\/\/radio-aviva.com\/perpignan\/podcast\/campus-avec-liliane-dray-la-rentree-scolaire-2025\/"},"modified":"2025-08-29T17:27:19","modified_gmt":"2025-08-29T15:27:19","slug":"campus-avec-liliane-dray-la-rentree-scolaire-2025","status":"publish","type":"podcast","link":"https:\/\/radio-aviva.com\/perpignan\/podcast\/campus-avec-liliane-dray-la-rentree-scolaire-2025\/","title":{"rendered":"Campus avec Liliane Dray : La Rentr\u00e9e Scolaire 2025"},"content":{"rendered":"<p>On va s\u2019int\u00e9resser aujourd\u2019hui \u00e0 la prochaine rentr\u00e9e scolaire 2025<\/p>\n<p>Alors, qu\u2019est-ce qui pourrait changer \u00e0 cette prochaine rentr\u00e9e ?<\/p>\n<p>Quelles seront les principales ambitions de la r\u00e9forme de l&rsquo;\u00e9ducation nationale pr\u00e9vue pour 2025 ?<\/p>\n<p>A quels autres changements doit-on s\u2019attendre en 2025-2026\u00a0?<\/p>\n<p>Si vous d\u00e9sirez en savoir plus la circulaire de rentr\u00e9e 2025 est \u00e0 lire sur <a href=\"http:\/\/www.education.gouv.fr\/\" target=\"_blank\" rel=\"noopener noreferrer\">www.education.gouv.fr\/<\/a><\/p>\n","protected":false},"author":1,"featured_media":8857,"template":"","tags":[],"podcastfilter":[147,87,108,109],"class_list":["post-11457","podcast","type-podcast","status-publish","has-post-thumbnail","hentry","podcastfilter-campus","podcastfilter-montpellier","podcastfilter-nimes","podcastfilter-perpignan"],"_links":{"self":[{"href":"https:\/\/radio-aviva.com\/perpignan\/wp-json\/wp\/v2\/podcast\/11457","targetHints":{"allow":["GET"]}}],"collection":[{"href":"https:\/\/radio-aviva.com\/perpignan\/wp-json\/wp\/v2\/podcast"}],"about":[{"href":"https:\/\/radio-aviva.com\/perpignan\/wp-json\/wp\/v2\/types\/podcast"}],"author":[{"embeddable":true,"href":"https:\/\/radio-aviva.com\/perpignan\/wp-json\/wp\/v2\/users\/1"}],"version-history":[{"count":1,"href":"https:\/\/radio-aviva.com\/perpignan\/wp-json\/wp\/v2\/podcast\/11457\/revisions"}],"predecessor-version":[{"id":11458,"href":"https:\/\/radio-aviva.com\/perpignan\/wp-json\/wp\/v2\/podcast\/11457\/revisions\/11458"}],"wp:featuredmedia":[{"embeddable":true,"href":"https:\/\/radio-aviva.com\/perpignan\/wp-json\/wp\/v2\/media\/8857"}],"wp:attachment":[{"href":"https:\/\/radio-aviva.com\/perpignan\/wp-json\/wp\/v2\/media?parent=11457"}],"wp:term":[{"taxonomy":"post_tag","embeddable":true,"href":"https:\/\/radio-aviva.com\/perpignan\/wp-json\/wp\/v2\/tags?post=11457"},{"taxonomy":"podcastfilter","embeddable":true,"href":"https:\/\/radio-aviva.com\/perpignan\/wp-json\/wp\/v2\/podcastfilter?post=11457"}],"curies":[{"name":"wp","href":"https:\/\/api.w.org\/{rel}","templated":true}]}}

Campus avec Liliane Dray : La Rentrée Scolaire 2025

<p>On va s’intéresser aujourd’hui à la prochaine rentrée scolaire 2025</p>
<p>Alors, qu’est-ce qui pourrait changer à cette prochaine rentrée ?</p>
<p>Quelles seront les principales ambitions de la réforme de l&rsquo;éducation nationale prévue pour 2025 ?</p>
<p>A quels autres changements doit-on s’attendre en 2025-2026 ?</p>
<p>Si vous désirez en savoir plus la circulaire de rentrée 2025 est à lire sur <a href="http://www.education.gouv.fr/" target="_blank" rel="noopener noreferrer">www.education.gouv.fr/</a></p>
