{"id":11459,"date":"2025-08-29T17:30:35","date_gmt":"2025-08-29T15:30:35","guid":{"rendered":"https:\/\/radio-aviva.com\/perpignan\/podcast\/campus-avec-liliane-dray-connaitre-la-plateforme-parcoursup\/"},"modified":"2025-08-29T17:30:35","modified_gmt":"2025-08-29T15:30:35","slug":"campus-avec-liliane-dray-connaitre-la-plateforme-parcoursup","status":"publish","type":"podcast","link":"https:\/\/radio-aviva.com\/perpignan\/podcast\/campus-avec-liliane-dray-connaitre-la-plateforme-parcoursup\/","title":{"rendered":"Campus avec Liliane Dray : Conna\u00eetre La Plateforme PARCOURSUP"},"content":{"rendered":"<p>Cherchons \u00e0 mieux conna\u00eetre la plateforme Parcoursup, m\u00eame si bien s\u00fbr, on en reparlera \u00e0 diff\u00e9rents moments de l\u2019ann\u00e9e.<\/p>\n<p>Alors commen\u00e7ons par rappeler ce qu\u2019est la plateforme PARCOURSUP\u00a0?<\/p>\n<p>Parcoursup regroupe un tr\u00e8s large choix de formations, mais il va y avoir quelques changements Il faut penser en avance aux documents n\u00e9cessaires \u00e0 l\u2019inscription sur Parcoursup et la saisie des v\u0153ux<\/p>\n<p>Voyons quelques fameuses dates sur lesquelles on reviendra tout au long de l\u2019ann\u00e9e<\/p>\n<p>Pour plus d\u2019infos, une adresse de site <a href=\"http:\/\/www.letudiant.fr\/\" target=\"_blank\" rel=\"noopener noreferrer\">www.letudiant.fr<\/a><\/p>\n","protected":false},"author":1,"featured_media":8857,"template":"","tags":[],"podcastfilter":[147,87,108,109],"class_list":["post-11459","podcast","type-podcast","status-publish","has-post-thumbnail","hentry","podcastfilter-campus","podcastfilter-montpellier","podcastfilter-nimes","podcastfilter-perpignan"],"_links":{"self":[{"href":"https:\/\/radio-aviva.com\/perpignan\/wp-json\/wp\/v2\/podcast\/11459","targetHints":{"allow":["GET"]}}],"collection":[{"href":"https:\/\/radio-aviva.com\/perpignan\/wp-json\/wp\/v2\/podcast"}],"about":[{"href":"https:\/\/radio-aviva.com\/perpignan\/wp-json\/wp\/v2\/types\/podcast"}],"author":[{"embeddable":true,"href":"https:\/\/radio-aviva.com\/perpignan\/wp-json\/wp\/v2\/users\/1"}],"version-history":[{"count":0,"href":"https:\/\/radio-aviva.com\/perpignan\/wp-json\/wp\/v2\/podcast\/11459\/revisions"}],"wp:featuredmedia":[{"embeddable":true,"href":"https:\/\/radio-aviva.com\/perpignan\/wp-json\/wp\/v2\/media\/8857"}],"wp:attachment":[{"href":"https:\/\/radio-aviva.com\/perpignan\/wp-json\/wp\/v2\/media?parent=11459"}],"wp:term":[{"taxonomy":"post_tag","embeddable":true,"href":"https:\/\/radio-aviva.com\/perpignan\/wp-json\/wp\/v2\/tags?post=11459"},{"taxonomy":"podcastfilter","embeddable":true,"href":"https:\/\/radio-aviva.com\/perpignan\/wp-json\/wp\/v2\/podcastfilter?post=11459"}],"curies":[{"name":"wp","href":"https:\/\/api.w.org\/{rel}","templated":true}]}}

Campus avec Liliane Dray : Connaître La Plateforme PARCOURSUP

<p>Cherchons à mieux connaître la plateforme Parcoursup, même si bien sûr, on en reparlera à différents moments de l’année.</p>
<p>Alors commençons par rappeler ce qu’est la plateforme PARCOURSUP ?</p>
<p>Parcoursup regroupe un très large choix de formations, mais il va y avoir quelques changements Il faut penser en avance aux documents nécessaires à l’inscription sur Parcoursup et la saisie des vœux</p>
<p>Voyons quelques fameuses dates sur lesquelles on reviendra tout au long de l’année</p>
<p>Pour plus d’infos, une adresse de site <a href="http://www.letudiant.fr/" target="_blank" rel="noopener noreferrer">www.letudiant.fr</a></p>
