{"id":11460,"date":"2025-08-29T17:33:42","date_gmt":"2025-08-29T15:33:42","guid":{"rendered":"https:\/\/radio-aviva.com\/perpignan\/podcast\/campus-avec-liliane-dray-la-9ieme-edition-de-futurapolis-sante\/"},"modified":"2025-08-29T17:33:42","modified_gmt":"2025-08-29T15:33:42","slug":"campus-avec-liliane-dray-la-9ieme-edition-de-futurapolis-sante","status":"publish","type":"podcast","link":"https:\/\/radio-aviva.com\/perpignan\/podcast\/campus-avec-liliane-dray-la-9ieme-edition-de-futurapolis-sante\/","title":{"rendered":"Campus avec Liliane Dray : La 9i\u00e8me \u00e9dition de Futurapolis Sant\u00e9"},"content":{"rendered":"<p>Un sp\u00e9cial Campus pour pr\u00e9senter la 9e \u00e9dition de Futurapolis Sant\u00e9 qui revient \u00e0 Montpellier les 10 et 11 octobre 2025 \u00e0 l&rsquo;Op\u00e9ra Com\u00e9die<\/p>\n<p>Qu\u2019allons-nous d\u00e9couvrir cette ann\u00e9e \u00e0 Futurapolis sant\u00e9\u00a0?<\/p>\n<p>Que pourrait-on d\u00e9voiler sur cet \u00e9v\u00e9nement Futurapolis Sant\u00e9 \u00e0 Montpellier\u00a0?<\/p>\n<p>Voyons quelques temps forts de cette 9 e \u00e9dition 2025 de Futurapolis sant\u00e9\u00a0\u00e0 Montpellier ?<\/p>\n<p>Vous trouverez plus de renseignements sur le programme et les modalit\u00e9s d\u2019inscription en allant sur le site du journal le Point\u00a0<a href=\"https:\/\/evenements.lepoint.fr\/futurapolis-sante\/\" target=\"_blank\" rel=\"noopener noreferrer\">https:\/\/evenements.lepoint.fr\/futurapolis-sante\/<\/a><\/p>\n","protected":false},"author":1,"featured_media":8857,"template":"","tags":[],"podcastfilter":[147,87,108,109],"class_list":["post-11460","podcast","type-podcast","status-publish","has-post-thumbnail","hentry","podcastfilter-campus","podcastfilter-montpellier","podcastfilter-nimes","podcastfilter-perpignan"],"_links":{"self":[{"href":"https:\/\/radio-aviva.com\/perpignan\/wp-json\/wp\/v2\/podcast\/11460","targetHints":{"allow":["GET"]}}],"collection":[{"href":"https:\/\/radio-aviva.com\/perpignan\/wp-json\/wp\/v2\/podcast"}],"about":[{"href":"https:\/\/radio-aviva.com\/perpignan\/wp-json\/wp\/v2\/types\/podcast"}],"author":[{"embeddable":true,"href":"https:\/\/radio-aviva.com\/perpignan\/wp-json\/wp\/v2\/users\/1"}],"version-history":[{"count":0,"href":"https:\/\/radio-aviva.com\/perpignan\/wp-json\/wp\/v2\/podcast\/11460\/revisions"}],"wp:featuredmedia":[{"embeddable":true,"href":"https:\/\/radio-aviva.com\/perpignan\/wp-json\/wp\/v2\/media\/8857"}],"wp:attachment":[{"href":"https:\/\/radio-aviva.com\/perpignan\/wp-json\/wp\/v2\/media?parent=11460"}],"wp:term":[{"taxonomy":"post_tag","embeddable":true,"href":"https:\/\/radio-aviva.com\/perpignan\/wp-json\/wp\/v2\/tags?post=11460"},{"taxonomy":"podcastfilter","embeddable":true,"href":"https:\/\/radio-aviva.com\/perpignan\/wp-json\/wp\/v2\/podcastfilter?post=11460"}],"curies":[{"name":"wp","href":"https:\/\/api.w.org\/{rel}","templated":true}]}}

Campus avec Liliane Dray : La 9ième édition de Futurapolis Santé

<p>Un spécial Campus pour présenter la 9e édition de Futurapolis Santé qui revient à Montpellier les 10 et 11 octobre 2025 à l&rsquo;Opéra Comédie</p>
<p>Qu’allons-nous découvrir cette année à Futurapolis santé ?</p>
<p>Que pourrait-on dévoiler sur cet événement Futurapolis Santé à Montpellier ?</p>
<p>Voyons quelques temps forts de cette 9 e édition 2025 de Futurapolis santé à Montpellier ?</p>
<p>Vous trouverez plus de renseignements sur le programme et les modalités d’inscription en allant sur le site du journal le Point <a href="https://evenements.lepoint.fr/futurapolis-sante/" target="_blank" rel="noopener noreferrer">https://evenements.lepoint.fr/futurapolis-sante/</a></p>
