{"id":11590,"date":"2025-10-23T13:48:18","date_gmt":"2025-10-23T11:48:18","guid":{"rendered":"https:\/\/radio-aviva.com\/perpignan\/?post_type=podcast&#038;p=11590"},"modified":"2025-10-23T16:49:32","modified_gmt":"2025-10-23T14:49:32","slug":"maillon-solidaire-muriel-baux-porteuse-de-projet-en-economie-sociale-et-solidaire","status":"publish","type":"podcast","link":"https:\/\/radio-aviva.com\/perpignan\/podcast\/maillon-solidaire-muriel-baux-porteuse-de-projet-en-economie-sociale-et-solidaire\/","title":{"rendered":"Maillon Solidaire &#8211; Muriel BAUX, Porteuse de projet en \u00c9conomie Sociale et Solidaire"},"content":{"rendered":"<p>D\u00e9couvertes des activit\u00e9s et projets de l&rsquo;association le maillon solidaire avec Muriel BAUX, Porteuse de projet en ESS\u00a0et St\u00e9phane Blanc<\/p>\n","protected":false},"author":1,"featured_media":9953,"template":"","tags":[],"podcastfilter":[190,148],"class_list":["post-11590","podcast","type-podcast","status-publish","has-post-thumbnail","hentry","podcastfilter-association","podcastfilter-voix-des-assos"],"_links":{"self":[{"href":"https:\/\/radio-aviva.com\/perpignan\/wp-json\/wp\/v2\/podcast\/11590","targetHints":{"allow":["GET"]}}],"collection":[{"href":"https:\/\/radio-aviva.com\/perpignan\/wp-json\/wp\/v2\/podcast"}],"about":[{"href":"https:\/\/radio-aviva.com\/perpignan\/wp-json\/wp\/v2\/types\/podcast"}],"author":[{"embeddable":true,"href":"https:\/\/radio-aviva.com\/perpignan\/wp-json\/wp\/v2\/users\/1"}],"version-history":[{"count":2,"href":"https:\/\/radio-aviva.com\/perpignan\/wp-json\/wp\/v2\/podcast\/11590\/revisions"}],"predecessor-version":[{"id":11592,"href":"https:\/\/radio-aviva.com\/perpignan\/wp-json\/wp\/v2\/podcast\/11590\/revisions\/11592"}],"wp:featuredmedia":[{"embeddable":true,"href":"https:\/\/radio-aviva.com\/perpignan\/wp-json\/wp\/v2\/media\/9953"}],"wp:attachment":[{"href":"https:\/\/radio-aviva.com\/perpignan\/wp-json\/wp\/v2\/media?parent=11590"}],"wp:term":[{"taxonomy":"post_tag","embeddable":true,"href":"https:\/\/radio-aviva.com\/perpignan\/wp-json\/wp\/v2\/tags?post=11590"},{"taxonomy":"podcastfilter","embeddable":true,"href":"https:\/\/radio-aviva.com\/perpignan\/wp-json\/wp\/v2\/podcastfilter?post=11590"}],"curies":[{"name":"wp","href":"https:\/\/api.w.org\/{rel}","templated":true}]}}

Maillon Solidaire &#8211; Muriel BAUX, Porteuse de projet en Économie Sociale et Solidaire

<p>Découvertes des activités et projets de l&rsquo;association le maillon solidaire avec Muriel BAUX, Porteuse de projet en ESS et Stéphane Blanc</p>
