{"id":11594,"date":"2025-10-23T16:49:18","date_gmt":"2025-10-23T14:49:18","guid":{"rendered":"https:\/\/radio-aviva.com\/perpignan\/?post_type=podcast&#038;p=11594"},"modified":"2025-10-23T16:50:31","modified_gmt":"2025-10-23T14:50:31","slug":"theatre-aux-croisements-rodney-zabakani-mediation-socioculturelle","status":"publish","type":"podcast","link":"https:\/\/radio-aviva.com\/perpignan\/podcast\/theatre-aux-croisements-rodney-zabakani-mediation-socioculturelle\/","title":{"rendered":"Th\u00e9\u00e2tre aux croisements &#8211; Rodney ZABAKANI, M\u00e9diation Socioculturelle"},"content":{"rendered":"<p>D\u00e9couverte des activit\u00e9s et des projets de Th\u00e9\u00e2tre aux croisements avec Rodney ZABAKANY Charg\u00e9 de m\u00e9diation socioculturelle et l&rsquo;intervieweur St\u00e9phane Blanc.<\/p>\n","protected":false},"author":1,"featured_media":9953,"template":"","tags":[],"podcastfilter":[190,148],"class_list":["post-11594","podcast","type-podcast","status-publish","has-post-thumbnail","hentry","podcastfilter-association","podcastfilter-voix-des-assos"],"_links":{"self":[{"href":"https:\/\/radio-aviva.com\/perpignan\/wp-json\/wp\/v2\/podcast\/11594","targetHints":{"allow":["GET"]}}],"collection":[{"href":"https:\/\/radio-aviva.com\/perpignan\/wp-json\/wp\/v2\/podcast"}],"about":[{"href":"https:\/\/radio-aviva.com\/perpignan\/wp-json\/wp\/v2\/types\/podcast"}],"author":[{"embeddable":true,"href":"https:\/\/radio-aviva.com\/perpignan\/wp-json\/wp\/v2\/users\/1"}],"version-history":[{"count":1,"href":"https:\/\/radio-aviva.com\/perpignan\/wp-json\/wp\/v2\/podcast\/11594\/revisions"}],"predecessor-version":[{"id":11595,"href":"https:\/\/radio-aviva.com\/perpignan\/wp-json\/wp\/v2\/podcast\/11594\/revisions\/11595"}],"wp:featuredmedia":[{"embeddable":true,"href":"https:\/\/radio-aviva.com\/perpignan\/wp-json\/wp\/v2\/media\/9953"}],"wp:attachment":[{"href":"https:\/\/radio-aviva.com\/perpignan\/wp-json\/wp\/v2\/media?parent=11594"}],"wp:term":[{"taxonomy":"post_tag","embeddable":true,"href":"https:\/\/radio-aviva.com\/perpignan\/wp-json\/wp\/v2\/tags?post=11594"},{"taxonomy":"podcastfilter","embeddable":true,"href":"https:\/\/radio-aviva.com\/perpignan\/wp-json\/wp\/v2\/podcastfilter?post=11594"}],"curies":[{"name":"wp","href":"https:\/\/api.w.org\/{rel}","templated":true}]}}

Théâtre aux croisements &#8211; Rodney ZABAKANI, Médiation Socioculturelle

<p>Découverte des activités et des projets de Théâtre aux croisements avec Rodney ZABAKANY Chargé de médiation socioculturelle et l&rsquo;intervieweur Stéphane Blanc.</p>
