{"id":11598,"date":"2025-10-23T17:11:20","date_gmt":"2025-10-23T15:11:20","guid":{"rendered":"https:\/\/radio-aviva.com\/perpignan\/?post_type=podcast&#038;p=11598"},"modified":"2025-10-23T17:11:20","modified_gmt":"2025-10-23T15:11:20","slug":"sos-amitie-elisabeth-wilain-presidente","status":"publish","type":"podcast","link":"https:\/\/radio-aviva.com\/perpignan\/podcast\/sos-amitie-elisabeth-wilain-presidente\/","title":{"rendered":"SOS amiti\u00e9 &#8211; Elisabeth WILAIN Pr\u00e9sidente"},"content":{"rendered":"<p>D\u00e9couvrez les actions et projets de l&rsquo;association SOS Amiti\u00e9, lors de la f\u00eate du b\u00e9n\u00e9volat Valeurs en F\u00eate. Au micro de St\u00e9phane Blanc, Elisabeth Wilain, pr\u00e9sidente de l&rsquo;association.<\/p>\n","protected":false},"author":329,"featured_media":9953,"template":"","tags":[],"podcastfilter":[190,148],"class_list":["post-11598","podcast","type-podcast","status-publish","has-post-thumbnail","hentry","podcastfilter-association","podcastfilter-voix-des-assos"],"_links":{"self":[{"href":"https:\/\/radio-aviva.com\/perpignan\/wp-json\/wp\/v2\/podcast\/11598","targetHints":{"allow":["GET"]}}],"collection":[{"href":"https:\/\/radio-aviva.com\/perpignan\/wp-json\/wp\/v2\/podcast"}],"about":[{"href":"https:\/\/radio-aviva.com\/perpignan\/wp-json\/wp\/v2\/types\/podcast"}],"author":[{"embeddable":true,"href":"https:\/\/radio-aviva.com\/perpignan\/wp-json\/wp\/v2\/users\/329"}],"version-history":[{"count":1,"href":"https:\/\/radio-aviva.com\/perpignan\/wp-json\/wp\/v2\/podcast\/11598\/revisions"}],"predecessor-version":[{"id":11599,"href":"https:\/\/radio-aviva.com\/perpignan\/wp-json\/wp\/v2\/podcast\/11598\/revisions\/11599"}],"wp:featuredmedia":[{"embeddable":true,"href":"https:\/\/radio-aviva.com\/perpignan\/wp-json\/wp\/v2\/media\/9953"}],"wp:attachment":[{"href":"https:\/\/radio-aviva.com\/perpignan\/wp-json\/wp\/v2\/media?parent=11598"}],"wp:term":[{"taxonomy":"post_tag","embeddable":true,"href":"https:\/\/radio-aviva.com\/perpignan\/wp-json\/wp\/v2\/tags?post=11598"},{"taxonomy":"podcastfilter","embeddable":true,"href":"https:\/\/radio-aviva.com\/perpignan\/wp-json\/wp\/v2\/podcastfilter?post=11598"}],"curies":[{"name":"wp","href":"https:\/\/api.w.org\/{rel}","templated":true}]}}

SOS amitié &#8211; Elisabeth WILAIN Présidente

<p>Découvrez les actions et projets de l&rsquo;association SOS Amitié, lors de la fête du bénévolat Valeurs en Fête. Au micro de Stéphane Blanc, Elisabeth Wilain, présidente de l&rsquo;association.</p>
