{"id":11601,"date":"2025-10-23T17:34:40","date_gmt":"2025-10-23T15:34:40","guid":{"rendered":"https:\/\/radio-aviva.com\/perpignan\/?post_type=podcast&#038;p=11601"},"modified":"2025-10-23T17:38:27","modified_gmt":"2025-10-23T15:38:27","slug":"amicale-des-anciens-guerilleros-espagnols-en-france-louis-obis-vice-president","status":"publish","type":"podcast","link":"https:\/\/radio-aviva.com\/perpignan\/podcast\/amicale-des-anciens-guerilleros-espagnols-en-france-louis-obis-vice-president\/","title":{"rendered":"Amicale des Anciens Gu\u00e9rilleros Espagnols en France &#8211; Louis OBIS, Vice-Pr\u00e9sident"},"content":{"rendered":"<p>D\u00e9couvrez les actions et projets de l&rsquo;Amicale des Anciens Gu\u00e9rilleros Espagnols en France. Interview enregistr\u00e9e lors de la f\u00eate du b\u00e9n\u00e9volat Valeurs en F\u00eate. Au micro de St\u00e9phane Blanc, Louis Obis, vice-pr\u00e9sident de l&rsquo;association.<\/p>\n","protected":false},"author":329,"featured_media":9953,"template":"","tags":[],"podcastfilter":[190,148],"class_list":["post-11601","podcast","type-podcast","status-publish","has-post-thumbnail","hentry","podcastfilter-association","podcastfilter-voix-des-assos"],"_links":{"self":[{"href":"https:\/\/radio-aviva.com\/perpignan\/wp-json\/wp\/v2\/podcast\/11601","targetHints":{"allow":["GET"]}}],"collection":[{"href":"https:\/\/radio-aviva.com\/perpignan\/wp-json\/wp\/v2\/podcast"}],"about":[{"href":"https:\/\/radio-aviva.com\/perpignan\/wp-json\/wp\/v2\/types\/podcast"}],"author":[{"embeddable":true,"href":"https:\/\/radio-aviva.com\/perpignan\/wp-json\/wp\/v2\/users\/329"}],"version-history":[{"count":1,"href":"https:\/\/radio-aviva.com\/perpignan\/wp-json\/wp\/v2\/podcast\/11601\/revisions"}],"predecessor-version":[{"id":11602,"href":"https:\/\/radio-aviva.com\/perpignan\/wp-json\/wp\/v2\/podcast\/11601\/revisions\/11602"}],"wp:featuredmedia":[{"embeddable":true,"href":"https:\/\/radio-aviva.com\/perpignan\/wp-json\/wp\/v2\/media\/9953"}],"wp:attachment":[{"href":"https:\/\/radio-aviva.com\/perpignan\/wp-json\/wp\/v2\/media?parent=11601"}],"wp:term":[{"taxonomy":"post_tag","embeddable":true,"href":"https:\/\/radio-aviva.com\/perpignan\/wp-json\/wp\/v2\/tags?post=11601"},{"taxonomy":"podcastfilter","embeddable":true,"href":"https:\/\/radio-aviva.com\/perpignan\/wp-json\/wp\/v2\/podcastfilter?post=11601"}],"curies":[{"name":"wp","href":"https:\/\/api.w.org\/{rel}","templated":true}]}}

Amicale des Anciens Guérilleros Espagnols en France &#8211; Louis OBIS, Vice-Président

<p>Découvrez les actions et projets de l&rsquo;Amicale des Anciens Guérilleros Espagnols en France. Interview enregistrée lors de la fête du bénévolat Valeurs en Fête. Au micro de Stéphane Blanc, Louis Obis, vice-président de l&rsquo;association.</p>
