{"id":11603,"date":"2025-10-23T18:06:21","date_gmt":"2025-10-23T16:06:21","guid":{"rendered":"https:\/\/radio-aviva.com\/perpignan\/?post_type=podcast&#038;p=11603"},"modified":"2025-10-23T18:06:21","modified_gmt":"2025-10-23T16:06:21","slug":"thomas-coignard-startup-weekend-perpignan-mediterranee","status":"publish","type":"podcast","link":"https:\/\/radio-aviva.com\/perpignan\/podcast\/thomas-coignard-startup-weekend-perpignan-mediterranee\/","title":{"rendered":"Thomas Coignard, Startup Weekend Perpignan-M\u00e9diterran\u00e9e"},"content":{"rendered":"<p>Le rendez-vous entrepreneurial des Pyr\u00e9n\u00e9es-Orientales est de retour \u00e0 Perpignan! A l&rsquo;occasion de l&rsquo;\u00e9dition 2025 du Startup Weekend Perpignan-M\u00e9diterran\u00e9e, nous accueillons Thomas Coignard, directeur du P\u00f4le Action Media et organisateur de l&rsquo;\u00e9v\u00e9nement. Cette interview de pr\u00e9sentation a \u00e9t\u00e9 men\u00e9e par Claire Helligs\u00f8-Dubost.<\/p>\n","protected":false},"author":329,"featured_media":11605,"template":"","tags":[],"podcastfilter":[181,306,145,109,277],"class_list":["post-11603","podcast","type-podcast","status-publish","has-post-thumbnail","hentry","podcastfilter-emploi","podcastfilter-french-tech","podcastfilter-mag-de-la-redac","podcastfilter-perpignan","podcastfilter-start-up"],"_links":{"self":[{"href":"https:\/\/radio-aviva.com\/perpignan\/wp-json\/wp\/v2\/podcast\/11603","targetHints":{"allow":["GET"]}}],"collection":[{"href":"https:\/\/radio-aviva.com\/perpignan\/wp-json\/wp\/v2\/podcast"}],"about":[{"href":"https:\/\/radio-aviva.com\/perpignan\/wp-json\/wp\/v2\/types\/podcast"}],"author":[{"embeddable":true,"href":"https:\/\/radio-aviva.com\/perpignan\/wp-json\/wp\/v2\/users\/329"}],"version-history":[{"count":1,"href":"https:\/\/radio-aviva.com\/perpignan\/wp-json\/wp\/v2\/podcast\/11603\/revisions"}],"predecessor-version":[{"id":11606,"href":"https:\/\/radio-aviva.com\/perpignan\/wp-json\/wp\/v2\/podcast\/11603\/revisions\/11606"}],"wp:featuredmedia":[{"embeddable":true,"href":"https:\/\/radio-aviva.com\/perpignan\/wp-json\/wp\/v2\/media\/11605"}],"wp:attachment":[{"href":"https:\/\/radio-aviva.com\/perpignan\/wp-json\/wp\/v2\/media?parent=11603"}],"wp:term":[{"taxonomy":"post_tag","embeddable":true,"href":"https:\/\/radio-aviva.com\/perpignan\/wp-json\/wp\/v2\/tags?post=11603"},{"taxonomy":"podcastfilter","embeddable":true,"href":"https:\/\/radio-aviva.com\/perpignan\/wp-json\/wp\/v2\/podcastfilter?post=11603"}],"curies":[{"name":"wp","href":"https:\/\/api.w.org\/{rel}","templated":true}]}}

Thomas Coignard, Startup Weekend Perpignan-Méditerranée

<p>Le rendez-vous entrepreneurial des Pyrénées-Orientales est de retour à Perpignan! A l&rsquo;occasion de l&rsquo;édition 2025 du Startup Weekend Perpignan-Méditerranée, nous accueillons Thomas Coignard, directeur du Pôle Action Media et organisateur de l&rsquo;événement. Cette interview de présentation a été menée par Claire Helligsø-Dubost.</p>
