{"id":11609,"date":"2025-10-28T11:42:23","date_gmt":"2025-10-28T10:42:23","guid":{"rendered":"https:\/\/radio-aviva.com\/perpignan\/?post_type=podcast&#038;p=11609"},"modified":"2025-10-28T12:06:25","modified_gmt":"2025-10-28T11:06:25","slug":"anacr-association-nationale-des-anciens-combattants-et-amies-de-la-resistance-georges-sentis-historien","status":"publish","type":"podcast","link":"https:\/\/radio-aviva.com\/perpignan\/podcast\/anacr-association-nationale-des-anciens-combattants-et-amies-de-la-resistance-georges-sentis-historien\/","title":{"rendered":"ANACR (Association nationale des anciens combattants et ami(e)s de la R\u00e9sistance) &#8211; Georges Sentis, Historien"},"content":{"rendered":"<p>D\u00e9couvrez l&rsquo;Association nationale des anciens combattants et ami(e)s de la R\u00e9sistance, pr\u00e9sente lors de la f\u00eate du b\u00e9n\u00e9volat de Perpignan, Valeurs en F\u00eate. Au micro de St\u00e9phane Blanc, l&rsquo;historien Georges Sentis nous pr\u00e9sente l&rsquo;association.<\/p>\n","protected":false},"author":329,"featured_media":9953,"template":"","tags":[],"podcastfilter":[133,148],"class_list":["post-11609","podcast","type-podcast","status-publish","has-post-thumbnail","hentry","podcastfilter-memoire","podcastfilter-voix-des-assos"],"_links":{"self":[{"href":"https:\/\/radio-aviva.com\/perpignan\/wp-json\/wp\/v2\/podcast\/11609","targetHints":{"allow":["GET"]}}],"collection":[{"href":"https:\/\/radio-aviva.com\/perpignan\/wp-json\/wp\/v2\/podcast"}],"about":[{"href":"https:\/\/radio-aviva.com\/perpignan\/wp-json\/wp\/v2\/types\/podcast"}],"author":[{"embeddable":true,"href":"https:\/\/radio-aviva.com\/perpignan\/wp-json\/wp\/v2\/users\/329"}],"version-history":[{"count":1,"href":"https:\/\/radio-aviva.com\/perpignan\/wp-json\/wp\/v2\/podcast\/11609\/revisions"}],"predecessor-version":[{"id":11610,"href":"https:\/\/radio-aviva.com\/perpignan\/wp-json\/wp\/v2\/podcast\/11609\/revisions\/11610"}],"wp:featuredmedia":[{"embeddable":true,"href":"https:\/\/radio-aviva.com\/perpignan\/wp-json\/wp\/v2\/media\/9953"}],"wp:attachment":[{"href":"https:\/\/radio-aviva.com\/perpignan\/wp-json\/wp\/v2\/media?parent=11609"}],"wp:term":[{"taxonomy":"post_tag","embeddable":true,"href":"https:\/\/radio-aviva.com\/perpignan\/wp-json\/wp\/v2\/tags?post=11609"},{"taxonomy":"podcastfilter","embeddable":true,"href":"https:\/\/radio-aviva.com\/perpignan\/wp-json\/wp\/v2\/podcastfilter?post=11609"}],"curies":[{"name":"wp","href":"https:\/\/api.w.org\/{rel}","templated":true}]}}

ANACR (Association nationale des anciens combattants et ami(e)s de la Résistance) &#8211; Georges Sentis, Historien

<p>Découvrez l&rsquo;Association nationale des anciens combattants et ami(e)s de la Résistance, présente lors de la fête du bénévolat de Perpignan, Valeurs en Fête. Au micro de Stéphane Blanc, l&rsquo;historien Georges Sentis nous présente l&rsquo;association.</p>
