{"id":11611,"date":"2025-10-28T12:08:04","date_gmt":"2025-10-28T11:08:04","guid":{"rendered":"https:\/\/radio-aviva.com\/perpignan\/?post_type=podcast&#038;p=11611"},"modified":"2025-10-28T12:31:25","modified_gmt":"2025-10-28T11:31:25","slug":"canoe-club-roussillonnais-alain-pidal-president","status":"publish","type":"podcast","link":"https:\/\/radio-aviva.com\/perpignan\/podcast\/canoe-club-roussillonnais-alain-pidal-president\/","title":{"rendered":"Cano\u00eb Club Roussillonnais &#8211; Alain PIDAL, Pr\u00e9sident"},"content":{"rendered":"<p>A l&rsquo;occasion de la f\u00eate du b\u00e9n\u00e9volat Valeurs en F\u00eate, d\u00e9couvrez les actions et projets du Cano\u00eb Club Roussillonnais. Au micro de St\u00e9phane Blanc, le pr\u00e9sident de l&rsquo;association Alain Pidal.<\/p>\n","protected":false},"author":329,"featured_media":9953,"template":"","tags":[],"podcastfilter":[190,188,148],"class_list":["post-11611","podcast","type-podcast","status-publish","has-post-thumbnail","hentry","podcastfilter-association","podcastfilter-sport","podcastfilter-voix-des-assos"],"_links":{"self":[{"href":"https:\/\/radio-aviva.com\/perpignan\/wp-json\/wp\/v2\/podcast\/11611","targetHints":{"allow":["GET"]}}],"collection":[{"href":"https:\/\/radio-aviva.com\/perpignan\/wp-json\/wp\/v2\/podcast"}],"about":[{"href":"https:\/\/radio-aviva.com\/perpignan\/wp-json\/wp\/v2\/types\/podcast"}],"author":[{"embeddable":true,"href":"https:\/\/radio-aviva.com\/perpignan\/wp-json\/wp\/v2\/users\/329"}],"version-history":[{"count":1,"href":"https:\/\/radio-aviva.com\/perpignan\/wp-json\/wp\/v2\/podcast\/11611\/revisions"}],"predecessor-version":[{"id":11612,"href":"https:\/\/radio-aviva.com\/perpignan\/wp-json\/wp\/v2\/podcast\/11611\/revisions\/11612"}],"wp:featuredmedia":[{"embeddable":true,"href":"https:\/\/radio-aviva.com\/perpignan\/wp-json\/wp\/v2\/media\/9953"}],"wp:attachment":[{"href":"https:\/\/radio-aviva.com\/perpignan\/wp-json\/wp\/v2\/media?parent=11611"}],"wp:term":[{"taxonomy":"post_tag","embeddable":true,"href":"https:\/\/radio-aviva.com\/perpignan\/wp-json\/wp\/v2\/tags?post=11611"},{"taxonomy":"podcastfilter","embeddable":true,"href":"https:\/\/radio-aviva.com\/perpignan\/wp-json\/wp\/v2\/podcastfilter?post=11611"}],"curies":[{"name":"wp","href":"https:\/\/api.w.org\/{rel}","templated":true}]}}

Canoë Club Roussillonnais &#8211; Alain PIDAL, Président

<p>A l&rsquo;occasion de la fête du bénévolat Valeurs en Fête, découvrez les actions et projets du Canoë Club Roussillonnais. Au micro de Stéphane Blanc, le président de l&rsquo;association Alain Pidal.</p>
