{"id":11613,"date":"2025-10-28T12:54:40","date_gmt":"2025-10-28T11:54:40","guid":{"rendered":"https:\/\/radio-aviva.com\/perpignan\/?post_type=podcast&#038;p=11613"},"modified":"2025-10-28T13:45:38","modified_gmt":"2025-10-28T12:45:38","slug":"casa-musicale-rebecca-bouillou-directrice","status":"publish","type":"podcast","link":"https:\/\/radio-aviva.com\/perpignan\/podcast\/casa-musicale-rebecca-bouillou-directrice\/","title":{"rendered":"Casa Musicale &#8211; Rebecca  BOUILLOU, Directrice"},"content":{"rendered":"<p>D\u00e9couvrez l&rsquo;actualit\u00e9 et les projets de la Casa Musicale, \u00e0 l&rsquo;occasion de la f\u00eate du b\u00e9n\u00e9volat de Perpignan, Valeurs en F\u00eate. Au micro de St\u00e9phane Blanc, Rebecca Bouillou, directrice de la Casa Musicale.<\/p>\n","protected":false},"author":329,"featured_media":9953,"template":"","tags":[],"podcastfilter":[190,88,148],"class_list":["post-11613","podcast","type-podcast","status-publish","has-post-thumbnail","hentry","podcastfilter-association","podcastfilter-musique","podcastfilter-voix-des-assos"],"_links":{"self":[{"href":"https:\/\/radio-aviva.com\/perpignan\/wp-json\/wp\/v2\/podcast\/11613","targetHints":{"allow":["GET"]}}],"collection":[{"href":"https:\/\/radio-aviva.com\/perpignan\/wp-json\/wp\/v2\/podcast"}],"about":[{"href":"https:\/\/radio-aviva.com\/perpignan\/wp-json\/wp\/v2\/types\/podcast"}],"author":[{"embeddable":true,"href":"https:\/\/radio-aviva.com\/perpignan\/wp-json\/wp\/v2\/users\/329"}],"version-history":[{"count":1,"href":"https:\/\/radio-aviva.com\/perpignan\/wp-json\/wp\/v2\/podcast\/11613\/revisions"}],"predecessor-version":[{"id":11614,"href":"https:\/\/radio-aviva.com\/perpignan\/wp-json\/wp\/v2\/podcast\/11613\/revisions\/11614"}],"wp:featuredmedia":[{"embeddable":true,"href":"https:\/\/radio-aviva.com\/perpignan\/wp-json\/wp\/v2\/media\/9953"}],"wp:attachment":[{"href":"https:\/\/radio-aviva.com\/perpignan\/wp-json\/wp\/v2\/media?parent=11613"}],"wp:term":[{"taxonomy":"post_tag","embeddable":true,"href":"https:\/\/radio-aviva.com\/perpignan\/wp-json\/wp\/v2\/tags?post=11613"},{"taxonomy":"podcastfilter","embeddable":true,"href":"https:\/\/radio-aviva.com\/perpignan\/wp-json\/wp\/v2\/podcastfilter?post=11613"}],"curies":[{"name":"wp","href":"https:\/\/api.w.org\/{rel}","templated":true}]}}

<p>Découvrez l&rsquo;actualité et les projets de la Casa Musicale, à l&rsquo;occasion de la fête du bénévolat de Perpignan, Valeurs en Fête. Au micro de Stéphane Blanc, Rebecca Bouillou, directrice de la Casa Musicale.</p>
