{"id":11615,"date":"2025-10-28T13:52:07","date_gmt":"2025-10-28T12:52:07","guid":{"rendered":"https:\/\/radio-aviva.com\/perpignan\/?post_type=podcast&#038;p=11615"},"modified":"2025-10-28T14:14:25","modified_gmt":"2025-10-28T13:14:25","slug":"cemea-occitanie-maya-vleeshouwers-coordinatrice-danimation-volontaire","status":"publish","type":"podcast","link":"https:\/\/radio-aviva.com\/perpignan\/podcast\/cemea-occitanie-maya-vleeshouwers-coordinatrice-danimation-volontaire\/","title":{"rendered":"CEMEA Occitanie &#8211; Maya Vleeshouwers, Coordinatrice d\u2019Animation Volontaire"},"content":{"rendered":"<p>D\u00e9couvrez l&rsquo;actualit\u00e9 et les projets du CEMEA Occitanie dans cette interview enregistr\u00e9e \u00e0 l&rsquo;occasion du rendez-vous b\u00e9n\u00e9volat \u00e0 Perpignan, Valeurs en F\u00eate. Au micro de St\u00e9phane Blanc, Maya Vleeshouwers, coordinatrice d\u2019animation volontaire, nous parle de l&rsquo;association.<\/p>\n","protected":false},"author":329,"featured_media":9953,"template":"","tags":[],"podcastfilter":[190,181,269,148],"class_list":["post-11615","podcast","type-podcast","status-publish","has-post-thumbnail","hentry","podcastfilter-association","podcastfilter-emploi","podcastfilter-formation","podcastfilter-voix-des-assos"],"_links":{"self":[{"href":"https:\/\/radio-aviva.com\/perpignan\/wp-json\/wp\/v2\/podcast\/11615","targetHints":{"allow":["GET"]}}],"collection":[{"href":"https:\/\/radio-aviva.com\/perpignan\/wp-json\/wp\/v2\/podcast"}],"about":[{"href":"https:\/\/radio-aviva.com\/perpignan\/wp-json\/wp\/v2\/types\/podcast"}],"author":[{"embeddable":true,"href":"https:\/\/radio-aviva.com\/perpignan\/wp-json\/wp\/v2\/users\/329"}],"version-history":[{"count":1,"href":"https:\/\/radio-aviva.com\/perpignan\/wp-json\/wp\/v2\/podcast\/11615\/revisions"}],"predecessor-version":[{"id":11616,"href":"https:\/\/radio-aviva.com\/perpignan\/wp-json\/wp\/v2\/podcast\/11615\/revisions\/11616"}],"wp:featuredmedia":[{"embeddable":true,"href":"https:\/\/radio-aviva.com\/perpignan\/wp-json\/wp\/v2\/media\/9953"}],"wp:attachment":[{"href":"https:\/\/radio-aviva.com\/perpignan\/wp-json\/wp\/v2\/media?parent=11615"}],"wp:term":[{"taxonomy":"post_tag","embeddable":true,"href":"https:\/\/radio-aviva.com\/perpignan\/wp-json\/wp\/v2\/tags?post=11615"},{"taxonomy":"podcastfilter","embeddable":true,"href":"https:\/\/radio-aviva.com\/perpignan\/wp-json\/wp\/v2\/podcastfilter?post=11615"}],"curies":[{"name":"wp","href":"https:\/\/api.w.org\/{rel}","templated":true}]}}

<p>Découvrez l&rsquo;actualité et les projets du CEMEA Occitanie dans cette interview enregistrée à l&rsquo;occasion du rendez-vous bénévolat à Perpignan, Valeurs en Fête. Au micro de Stéphane Blanc, Maya Vleeshouwers, coordinatrice d’animation volontaire, nous parle de l&rsquo;association.</p>
