{"id":11619,"date":"2025-10-28T14:35:13","date_gmt":"2025-10-28T13:35:13","guid":{"rendered":"https:\/\/radio-aviva.com\/perpignan\/?post_type=podcast&#038;p=11619"},"modified":"2025-10-28T14:46:18","modified_gmt":"2025-10-28T13:46:18","slug":"enfance-en-danger-jean-louis-gerente-president","status":"publish","type":"podcast","link":"https:\/\/radio-aviva.com\/perpignan\/podcast\/enfance-en-danger-jean-louis-gerente-president\/","title":{"rendered":"Enfance en danger &#8211; Jean-Louis GERENTE, Pr\u00e9sident"},"content":{"rendered":"<p>D\u00e9couvrez l&rsquo;actualit\u00e9 et les projets de Enfance en danger, \u00e0 l&rsquo;occasion du rendez-vous b\u00e9n\u00e9volat de Perpignan, Valeurs en F\u00eate. Au micro de St\u00e9phane Blanc, Jean-Louis Gerente, pr\u00e9sident d&rsquo;Enfance en danger, nous pr\u00e9sente l&rsquo;association.<\/p>\n","protected":false},"author":329,"featured_media":9953,"template":"","tags":[],"podcastfilter":[190,259,149,148],"class_list":["post-11619","podcast","type-podcast","status-publish","has-post-thumbnail","hentry","podcastfilter-association","podcastfilter-social","podcastfilter-solidarite","podcastfilter-voix-des-assos"],"_links":{"self":[{"href":"https:\/\/radio-aviva.com\/perpignan\/wp-json\/wp\/v2\/podcast\/11619","targetHints":{"allow":["GET"]}}],"collection":[{"href":"https:\/\/radio-aviva.com\/perpignan\/wp-json\/wp\/v2\/podcast"}],"about":[{"href":"https:\/\/radio-aviva.com\/perpignan\/wp-json\/wp\/v2\/types\/podcast"}],"author":[{"embeddable":true,"href":"https:\/\/radio-aviva.com\/perpignan\/wp-json\/wp\/v2\/users\/329"}],"version-history":[{"count":1,"href":"https:\/\/radio-aviva.com\/perpignan\/wp-json\/wp\/v2\/podcast\/11619\/revisions"}],"predecessor-version":[{"id":11620,"href":"https:\/\/radio-aviva.com\/perpignan\/wp-json\/wp\/v2\/podcast\/11619\/revisions\/11620"}],"wp:featuredmedia":[{"embeddable":true,"href":"https:\/\/radio-aviva.com\/perpignan\/wp-json\/wp\/v2\/media\/9953"}],"wp:attachment":[{"href":"https:\/\/radio-aviva.com\/perpignan\/wp-json\/wp\/v2\/media?parent=11619"}],"wp:term":[{"taxonomy":"post_tag","embeddable":true,"href":"https:\/\/radio-aviva.com\/perpignan\/wp-json\/wp\/v2\/tags?post=11619"},{"taxonomy":"podcastfilter","embeddable":true,"href":"https:\/\/radio-aviva.com\/perpignan\/wp-json\/wp\/v2\/podcastfilter?post=11619"}],"curies":[{"name":"wp","href":"https:\/\/api.w.org\/{rel}","templated":true}]}}

Enfance en danger &#8211; Jean-Louis GERENTE, Président

<p>Découvrez l&rsquo;actualité et les projets de Enfance en danger, à l&rsquo;occasion du rendez-vous bénévolat de Perpignan, Valeurs en Fête. Au micro de Stéphane Blanc, Jean-Louis Gerente, président d&rsquo;Enfance en danger, nous présente l&rsquo;association.</p>
