{"id":11623,"date":"2025-10-28T15:12:36","date_gmt":"2025-10-28T14:12:36","guid":{"rendered":"https:\/\/radio-aviva.com\/perpignan\/?post_type=podcast&#038;p=11623"},"modified":"2025-10-28T15:29:00","modified_gmt":"2025-10-28T14:29:00","slug":"loisirs-solidarite-des-retraites-du-pays-catalan-herve-saze-membre-du-ca","status":"publish","type":"podcast","link":"https:\/\/radio-aviva.com\/perpignan\/podcast\/loisirs-solidarite-des-retraites-du-pays-catalan-herve-saze-membre-du-ca\/","title":{"rendered":"Loisirs  &amp;Solidarit\u00e9 des Retrait\u00e9s du Pays Catalan &#8211; Herv\u00e9 Saz\u00e9, membre du CA"},"content":{"rendered":"<p>D\u00e9couvrez l&rsquo;actualit\u00e9 et les projets de Loisirs &amp; Solidarit\u00e9 des Retrait\u00e9s du Pays Catalan. Cette interview a \u00e9t\u00e9 enregistr\u00e9e \u00e0 l&rsquo;occasion du rendez-vous associatif de Perpignan, Valeurs en F\u00eate. Au micro de St\u00e9phane Blanc, Herv\u00e9 Saz\u00e9, membre du conseil d&rsquo;administration de LSR 66.<\/p>\n","protected":false},"author":329,"featured_media":9953,"template":"","tags":[],"podcastfilter":[190,262,259,149,188,148],"class_list":["post-11623","podcast","type-podcast","status-publish","has-post-thumbnail","hentry","podcastfilter-association","podcastfilter-seniors","podcastfilter-social","podcastfilter-solidarite","podcastfilter-sport","podcastfilter-voix-des-assos"],"_links":{"self":[{"href":"https:\/\/radio-aviva.com\/perpignan\/wp-json\/wp\/v2\/podcast\/11623","targetHints":{"allow":["GET"]}}],"collection":[{"href":"https:\/\/radio-aviva.com\/perpignan\/wp-json\/wp\/v2\/podcast"}],"about":[{"href":"https:\/\/radio-aviva.com\/perpignan\/wp-json\/wp\/v2\/types\/podcast"}],"author":[{"embeddable":true,"href":"https:\/\/radio-aviva.com\/perpignan\/wp-json\/wp\/v2\/users\/329"}],"version-history":[{"count":3,"href":"https:\/\/radio-aviva.com\/perpignan\/wp-json\/wp\/v2\/podcast\/11623\/revisions"}],"predecessor-version":[{"id":11626,"href":"https:\/\/radio-aviva.com\/perpignan\/wp-json\/wp\/v2\/podcast\/11623\/revisions\/11626"}],"wp:featuredmedia":[{"embeddable":true,"href":"https:\/\/radio-aviva.com\/perpignan\/wp-json\/wp\/v2\/media\/9953"}],"wp:attachment":[{"href":"https:\/\/radio-aviva.com\/perpignan\/wp-json\/wp\/v2\/media?parent=11623"}],"wp:term":[{"taxonomy":"post_tag","embeddable":true,"href":"https:\/\/radio-aviva.com\/perpignan\/wp-json\/wp\/v2\/tags?post=11623"},{"taxonomy":"podcastfilter","embeddable":true,"href":"https:\/\/radio-aviva.com\/perpignan\/wp-json\/wp\/v2\/podcastfilter?post=11623"}],"curies":[{"name":"wp","href":"https:\/\/api.w.org\/{rel}","templated":true}]}}

Loisirs  &amp;Solidarité des Retraités du Pays Catalan &#8211; Hervé Sazé, membre du CA

<p>Découvrez l&rsquo;actualité et les projets de Loisirs &amp; Solidarité des Retraités du Pays Catalan. Cette interview a été enregistrée à l&rsquo;occasion du rendez-vous associatif de Perpignan, Valeurs en Fête. Au micro de Stéphane Blanc, Hervé Sazé, membre du conseil d&rsquo;administration de LSR 66.</p>
