{"id":11637,"date":"2025-11-03T18:15:56","date_gmt":"2025-11-03T17:15:56","guid":{"rendered":"https:\/\/radio-aviva.com\/perpignan\/?post_type=podcast&#038;p=11637"},"modified":"2025-11-03T18:15:56","modified_gmt":"2025-11-03T17:15:56","slug":"jackie-surjus-collet-directrice-du-theatre-de-larchipel-festival-aujourdhui-musiques-2025","status":"publish","type":"podcast","link":"https:\/\/radio-aviva.com\/perpignan\/podcast\/jackie-surjus-collet-directrice-du-theatre-de-larchipel-festival-aujourdhui-musiques-2025\/","title":{"rendered":"Jackie Surjus-Collet, directrice du Th\u00e9\u00e2tre de l&rsquo;Archipel &#8211; Festival Aujourd&rsquo;hui Musiques 2025"},"content":{"rendered":"<p>Aujourd&rsquo;hui, Jackie Surjus-Collet, directrice du th\u00e9\u00e2tre de l&rsquo;Archipel nous pr\u00e9sente la nouvelle \u00e9dition du festival Aujourd&rsquo;hui Musiques. Ce dernier se d\u00e9roulera \u00e0 Perpignan du 14 au 23 novembre, avec une programmation sous le signe de l&rsquo;expression, de la d\u00e9couverte, et du corps. Cette interview a \u00e9t\u00e9 men\u00e9e par Claire Helligs\u00f8-Dubost.<\/p>\n","protected":false},"author":329,"featured_media":9068,"template":"","tags":[],"podcastfilter":[272,167,135,88],"class_list":["post-11637","podcast","type-podcast","status-publish","has-post-thumbnail","hentry","podcastfilter-culture","podcastfilter-festival","podcastfilter-linvite-de-la-redaction","podcastfilter-musique"],"_links":{"self":[{"href":"https:\/\/radio-aviva.com\/perpignan\/wp-json\/wp\/v2\/podcast\/11637","targetHints":{"allow":["GET"]}}],"collection":[{"href":"https:\/\/radio-aviva.com\/perpignan\/wp-json\/wp\/v2\/podcast"}],"about":[{"href":"https:\/\/radio-aviva.com\/perpignan\/wp-json\/wp\/v2\/types\/podcast"}],"author":[{"embeddable":true,"href":"https:\/\/radio-aviva.com\/perpignan\/wp-json\/wp\/v2\/users\/329"}],"version-history":[{"count":1,"href":"https:\/\/radio-aviva.com\/perpignan\/wp-json\/wp\/v2\/podcast\/11637\/revisions"}],"predecessor-version":[{"id":11638,"href":"https:\/\/radio-aviva.com\/perpignan\/wp-json\/wp\/v2\/podcast\/11637\/revisions\/11638"}],"wp:featuredmedia":[{"embeddable":true,"href":"https:\/\/radio-aviva.com\/perpignan\/wp-json\/wp\/v2\/media\/9068"}],"wp:attachment":[{"href":"https:\/\/radio-aviva.com\/perpignan\/wp-json\/wp\/v2\/media?parent=11637"}],"wp:term":[{"taxonomy":"post_tag","embeddable":true,"href":"https:\/\/radio-aviva.com\/perpignan\/wp-json\/wp\/v2\/tags?post=11637"},{"taxonomy":"podcastfilter","embeddable":true,"href":"https:\/\/radio-aviva.com\/perpignan\/wp-json\/wp\/v2\/podcastfilter?post=11637"}],"curies":[{"name":"wp","href":"https:\/\/api.w.org\/{rel}","templated":true}]}}

Jackie Surjus-Collet, directrice du Théâtre de l&rsquo;Archipel &#8211; Festival Aujourd&rsquo;hui Musiques 2025

<p>Aujourd&rsquo;hui, Jackie Surjus-Collet, directrice du théâtre de l&rsquo;Archipel nous présente la nouvelle édition du festival Aujourd&rsquo;hui Musiques. Ce dernier se déroulera à Perpignan du 14 au 23 novembre, avec une programmation sous le signe de l&rsquo;expression, de la découverte, et du corps. Cette interview a été menée par Claire Helligsø-Dubost.</p>
