{"id":11640,"date":"2025-11-12T15:45:52","date_gmt":"2025-11-12T14:45:52","guid":{"rendered":"https:\/\/radio-aviva.com\/perpignan\/?post_type=podcast&#038;p=11640"},"modified":"2025-11-14T17:30:36","modified_gmt":"2025-11-14T16:30:36","slug":"llum-dendo-julie-duplessy-directrice","status":"publish","type":"podcast","link":"https:\/\/radio-aviva.com\/perpignan\/podcast\/llum-dendo-julie-duplessy-directrice\/","title":{"rendered":"Llum d&rsquo;Endo &#8211; Julie Duplessy, Directrice"},"content":{"rendered":"<p>Dans cet \u00e9pisode, d\u00e9couvrez la nouvelle association perpignanaise Llum d&rsquo;Endo, et le combat de sa directrice Julie Duplessy, pour la sensibilisation \u00e0 l&rsquo;endom\u00e9triose. Au micro de Claire Helligs\u00f8-Dubost, Julie Duplessy et Jo\u00ebl Tilhac, b\u00e9n\u00e9vole de l&rsquo;association.<\/p>\n","protected":false},"author":1,"featured_media":9640,"template":"","tags":[],"podcastfilter":[190,280,175],"class_list":["post-11640","podcast","type-podcast","status-publish","has-post-thumbnail","hentry","podcastfilter-association","podcastfilter-discrimination","podcastfilter-invite-de-la-redaction"],"_links":{"self":[{"href":"https:\/\/radio-aviva.com\/perpignan\/wp-json\/wp\/v2\/podcast\/11640","targetHints":{"allow":["GET"]}}],"collection":[{"href":"https:\/\/radio-aviva.com\/perpignan\/wp-json\/wp\/v2\/podcast"}],"about":[{"href":"https:\/\/radio-aviva.com\/perpignan\/wp-json\/wp\/v2\/types\/podcast"}],"author":[{"embeddable":true,"href":"https:\/\/radio-aviva.com\/perpignan\/wp-json\/wp\/v2\/users\/1"}],"version-history":[{"count":1,"href":"https:\/\/radio-aviva.com\/perpignan\/wp-json\/wp\/v2\/podcast\/11640\/revisions"}],"predecessor-version":[{"id":11641,"href":"https:\/\/radio-aviva.com\/perpignan\/wp-json\/wp\/v2\/podcast\/11640\/revisions\/11641"}],"wp:featuredmedia":[{"embeddable":true,"href":"https:\/\/radio-aviva.com\/perpignan\/wp-json\/wp\/v2\/media\/9640"}],"wp:attachment":[{"href":"https:\/\/radio-aviva.com\/perpignan\/wp-json\/wp\/v2\/media?parent=11640"}],"wp:term":[{"taxonomy":"post_tag","embeddable":true,"href":"https:\/\/radio-aviva.com\/perpignan\/wp-json\/wp\/v2\/tags?post=11640"},{"taxonomy":"podcastfilter","embeddable":true,"href":"https:\/\/radio-aviva.com\/perpignan\/wp-json\/wp\/v2\/podcastfilter?post=11640"}],"curies":[{"name":"wp","href":"https:\/\/api.w.org\/{rel}","templated":true}]}}

<p>Dans cet épisode, découvrez la nouvelle association perpignanaise Llum d&rsquo;Endo, et le combat de sa directrice Julie Duplessy, pour la sensibilisation à l&rsquo;endométriose. Au micro de Claire Helligsø-Dubost, Julie Duplessy et Joël Tilhac, bénévole de l&rsquo;association.</p>
