{"id":11643,"date":"2025-11-14T16:58:33","date_gmt":"2025-11-14T15:58:33","guid":{"rendered":"https:\/\/radio-aviva.com\/perpignan\/?post_type=podcast&#038;p=11643"},"modified":"2025-11-14T17:30:18","modified_gmt":"2025-11-14T16:30:18","slug":"le-souvenir-francais-66-general-gilles-glin-president-de-lassociation","status":"publish","type":"podcast","link":"https:\/\/radio-aviva.com\/perpignan\/podcast\/le-souvenir-francais-66-general-gilles-glin-president-de-lassociation\/","title":{"rendered":"Le Souvenir Fran\u00e7ais 66 &#8211; G\u00e9n\u00e9ral Gilles Glin, Pr\u00e9sident de l&rsquo;association"},"content":{"rendered":"<p>Dans ce nouvel \u00e9pisode de la Voix des Assos, nous accueillons le G\u00e9n\u00e9ral Gilles Glin, pr\u00e9sident du Souvenir Fran\u00e7ais des Pyr\u00e9n\u00e9es-Orientales, qui nous pr\u00e9sente l&rsquo;actualit\u00e9 de l&rsquo;association. Cette interview a \u00e9t\u00e9 men\u00e9e par Claire Helligs\u00f8-Dubost.<\/p>\n","protected":false},"author":1,"featured_media":9953,"template":"","tags":[],"podcastfilter":[190,314,133],"class_list":["post-11643","podcast","type-podcast","status-publish","has-post-thumbnail","hentry","podcastfilter-association","podcastfilter-la-voix-des-assos","podcastfilter-memoire"],"_links":{"self":[{"href":"https:\/\/radio-aviva.com\/perpignan\/wp-json\/wp\/v2\/podcast\/11643","targetHints":{"allow":["GET"]}}],"collection":[{"href":"https:\/\/radio-aviva.com\/perpignan\/wp-json\/wp\/v2\/podcast"}],"about":[{"href":"https:\/\/radio-aviva.com\/perpignan\/wp-json\/wp\/v2\/types\/podcast"}],"author":[{"embeddable":true,"href":"https:\/\/radio-aviva.com\/perpignan\/wp-json\/wp\/v2\/users\/1"}],"version-history":[{"count":1,"href":"https:\/\/radio-aviva.com\/perpignan\/wp-json\/wp\/v2\/podcast\/11643\/revisions"}],"predecessor-version":[{"id":11644,"href":"https:\/\/radio-aviva.com\/perpignan\/wp-json\/wp\/v2\/podcast\/11643\/revisions\/11644"}],"wp:featuredmedia":[{"embeddable":true,"href":"https:\/\/radio-aviva.com\/perpignan\/wp-json\/wp\/v2\/media\/9953"}],"wp:attachment":[{"href":"https:\/\/radio-aviva.com\/perpignan\/wp-json\/wp\/v2\/media?parent=11643"}],"wp:term":[{"taxonomy":"post_tag","embeddable":true,"href":"https:\/\/radio-aviva.com\/perpignan\/wp-json\/wp\/v2\/tags?post=11643"},{"taxonomy":"podcastfilter","embeddable":true,"href":"https:\/\/radio-aviva.com\/perpignan\/wp-json\/wp\/v2\/podcastfilter?post=11643"}],"curies":[{"name":"wp","href":"https:\/\/api.w.org\/{rel}","templated":true}]}}

Le Souvenir Français 66 &#8211; Général Gilles Glin, Président de l&rsquo;association

<p>Dans ce nouvel épisode de la Voix des Assos, nous accueillons le Général Gilles Glin, président du Souvenir Français des Pyrénées-Orientales, qui nous présente l&rsquo;actualité de l&rsquo;association. Cette interview a été menée par Claire Helligsø-Dubost.</p>
