{"id":11645,"date":"2025-11-14T17:29:20","date_gmt":"2025-11-14T16:29:20","guid":{"rendered":"https:\/\/radio-aviva.com\/perpignan\/?post_type=podcast&#038;p=11645"},"modified":"2025-11-14T17:29:20","modified_gmt":"2025-11-14T16:29:20","slug":"jazzebre-segolene-alex-directrice-du-festival","status":"publish","type":"podcast","link":"https:\/\/radio-aviva.com\/perpignan\/podcast\/jazzebre-segolene-alex-directrice-du-festival\/","title":{"rendered":"Jazz\u00e8bre &#8211; S\u00e9gol\u00e8ne ALEX, Directrice du festival"},"content":{"rendered":"<p>Revenez avec nous sur l&rsquo;\u00e9dition 2025 du rendez-vous jazz par excellence \u00e0 Perpignan: le festival Jazz\u00e8bre. S\u00e9gol\u00e8ne Alex, directrice du festival, nous livre ses impressions dans cette interview men\u00e9e par Claire Helligs\u00f8-Dubost.<\/p>\n","protected":false},"author":1,"featured_media":9640,"template":"","tags":[],"podcastfilter":[190,272,159,88,109],"class_list":["post-11645","podcast","type-podcast","status-publish","has-post-thumbnail","hentry","podcastfilter-association","podcastfilter-culture","podcastfilter-jazz","podcastfilter-musique","podcastfilter-perpignan"],"_links":{"self":[{"href":"https:\/\/radio-aviva.com\/perpignan\/wp-json\/wp\/v2\/podcast\/11645","targetHints":{"allow":["GET"]}}],"collection":[{"href":"https:\/\/radio-aviva.com\/perpignan\/wp-json\/wp\/v2\/podcast"}],"about":[{"href":"https:\/\/radio-aviva.com\/perpignan\/wp-json\/wp\/v2\/types\/podcast"}],"author":[{"embeddable":true,"href":"https:\/\/radio-aviva.com\/perpignan\/wp-json\/wp\/v2\/users\/1"}],"version-history":[{"count":1,"href":"https:\/\/radio-aviva.com\/perpignan\/wp-json\/wp\/v2\/podcast\/11645\/revisions"}],"predecessor-version":[{"id":11646,"href":"https:\/\/radio-aviva.com\/perpignan\/wp-json\/wp\/v2\/podcast\/11645\/revisions\/11646"}],"wp:featuredmedia":[{"embeddable":true,"href":"https:\/\/radio-aviva.com\/perpignan\/wp-json\/wp\/v2\/media\/9640"}],"wp:attachment":[{"href":"https:\/\/radio-aviva.com\/perpignan\/wp-json\/wp\/v2\/media?parent=11645"}],"wp:term":[{"taxonomy":"post_tag","embeddable":true,"href":"https:\/\/radio-aviva.com\/perpignan\/wp-json\/wp\/v2\/tags?post=11645"},{"taxonomy":"podcastfilter","embeddable":true,"href":"https:\/\/radio-aviva.com\/perpignan\/wp-json\/wp\/v2\/podcastfilter?post=11645"}],"curies":[{"name":"wp","href":"https:\/\/api.w.org\/{rel}","templated":true}]}}

Jazzèbre &#8211; Ségolène ALEX, Directrice du festival

<p>Revenez avec nous sur l&rsquo;édition 2025 du rendez-vous jazz par excellence à Perpignan: le festival Jazzèbre. Ségolène Alex, directrice du festival, nous livre ses impressions dans cette interview menée par Claire Helligsø-Dubost.</p>
