{"id":11647,"date":"2025-11-20T13:28:44","date_gmt":"2025-11-20T12:28:44","guid":{"rendered":"https:\/\/radio-aviva.com\/perpignan\/?post_type=podcast&#038;p=11647"},"modified":"2025-11-25T10:59:00","modified_gmt":"2025-11-25T09:59:00","slug":"eliane-jarycki-conseillere-regionale-journees-des-ateliers-dartistes-2025","status":"publish","type":"podcast","link":"https:\/\/radio-aviva.com\/perpignan\/podcast\/eliane-jarycki-conseillere-regionale-journees-des-ateliers-dartistes-2025\/","title":{"rendered":"Eliane Jarycki, Conseill\u00e8re r\u00e9gionale &#8211; Journ\u00e9es des Ateliers d&rsquo;artistes 2025"},"content":{"rendered":"<p>A l&rsquo;occasion des Journ\u00e9es d&rsquo;Ateliers d&rsquo;Artiste 2025, nous accueillons Eliane Jarycki, conseill\u00e8re r\u00e9gionale \u00e0 la culture, pour nous faire le bilan de l&rsquo;\u00e9v\u00e9nement. Cette interview a \u00e9t\u00e9 men\u00e9e par Claire Helligs\u00f8-Dubost.<\/p>\n","protected":false},"author":1,"featured_media":9068,"template":"","tags":[],"podcastfilter":[86,272,194],"class_list":["post-11647","podcast","type-podcast","status-publish","has-post-thumbnail","hentry","podcastfilter-art","podcastfilter-culture","podcastfilter-occitanie"],"_links":{"self":[{"href":"https:\/\/radio-aviva.com\/perpignan\/wp-json\/wp\/v2\/podcast\/11647","targetHints":{"allow":["GET"]}}],"collection":[{"href":"https:\/\/radio-aviva.com\/perpignan\/wp-json\/wp\/v2\/podcast"}],"about":[{"href":"https:\/\/radio-aviva.com\/perpignan\/wp-json\/wp\/v2\/types\/podcast"}],"author":[{"embeddable":true,"href":"https:\/\/radio-aviva.com\/perpignan\/wp-json\/wp\/v2\/users\/1"}],"version-history":[{"count":1,"href":"https:\/\/radio-aviva.com\/perpignan\/wp-json\/wp\/v2\/podcast\/11647\/revisions"}],"predecessor-version":[{"id":11648,"href":"https:\/\/radio-aviva.com\/perpignan\/wp-json\/wp\/v2\/podcast\/11647\/revisions\/11648"}],"wp:featuredmedia":[{"embeddable":true,"href":"https:\/\/radio-aviva.com\/perpignan\/wp-json\/wp\/v2\/media\/9068"}],"wp:attachment":[{"href":"https:\/\/radio-aviva.com\/perpignan\/wp-json\/wp\/v2\/media?parent=11647"}],"wp:term":[{"taxonomy":"post_tag","embeddable":true,"href":"https:\/\/radio-aviva.com\/perpignan\/wp-json\/wp\/v2\/tags?post=11647"},{"taxonomy":"podcastfilter","embeddable":true,"href":"https:\/\/radio-aviva.com\/perpignan\/wp-json\/wp\/v2\/podcastfilter?post=11647"}],"curies":[{"name":"wp","href":"https:\/\/api.w.org\/{rel}","templated":true}]}}

Eliane Jarycki, Conseillère régionale &#8211; Journées des Ateliers d&rsquo;artistes 2025

<p>A l&rsquo;occasion des Journées d&rsquo;Ateliers d&rsquo;Artiste 2025, nous accueillons Eliane Jarycki, conseillère régionale à la culture, pour nous faire le bilan de l&rsquo;événement. Cette interview a été menée par Claire Helligsø-Dubost.</p>
