{"id":11653,"date":"2025-12-08T13:56:58","date_gmt":"2025-12-08T12:56:58","guid":{"rendered":"https:\/\/radio-aviva.com\/perpignan\/?post_type=podcast&#038;p=11653"},"modified":"2025-12-08T14:02:59","modified_gmt":"2025-12-08T13:02:59","slug":"nouveau-centre-de-preparation-a-la-haute-performance-de-font-romeu-kamel-chibli-vice-president-du-conseil-regional","status":"publish","type":"podcast","link":"https:\/\/radio-aviva.com\/perpignan\/podcast\/nouveau-centre-de-preparation-a-la-haute-performance-de-font-romeu-kamel-chibli-vice-president-du-conseil-regional\/","title":{"rendered":"Nouveau centre de pr\u00e9paration \u00e0 la haute performance de Font-Romeu &#8211; Kamel Chibli, Vice-pr\u00e9sident du Conseil R\u00e9gional"},"content":{"rendered":"<p>Dans ce podcast, d\u00e9couvrez le projet du nouveau centre de pr\u00e9paration \u00e0 la haute performance de Font-Romeu. Kamel Chibli, vice-pr\u00e9sident du Conseil R\u00e9gional vous pr\u00e9sente cette expansion du CNEA (Centre National d\u2019Entra\u00eenement en Altitude) de Font-Romeu, pr\u00e9vue pour faire de ce site une r\u00e9f\u00e9rence mondiale dans la pr\u00e9paration d&rsquo;athl\u00e8tes fran\u00e7ais et internationaux aux grandes comp\u00e9titions sportives. Cette interview a \u00e9t\u00e9 men\u00e9e par Claire Helligs\u00f8-Dubost.<\/p>\n","protected":false},"author":1,"featured_media":9640,"template":"","tags":[],"podcastfilter":[145,194,188],"class_list":["post-11653","podcast","type-podcast","status-publish","has-post-thumbnail","hentry","podcastfilter-mag-de-la-redac","podcastfilter-occitanie","podcastfilter-sport"],"_links":{"self":[{"href":"https:\/\/radio-aviva.com\/perpignan\/wp-json\/wp\/v2\/podcast\/11653","targetHints":{"allow":["GET"]}}],"collection":[{"href":"https:\/\/radio-aviva.com\/perpignan\/wp-json\/wp\/v2\/podcast"}],"about":[{"href":"https:\/\/radio-aviva.com\/perpignan\/wp-json\/wp\/v2\/types\/podcast"}],"author":[{"embeddable":true,"href":"https:\/\/radio-aviva.com\/perpignan\/wp-json\/wp\/v2\/users\/1"}],"version-history":[{"count":1,"href":"https:\/\/radio-aviva.com\/perpignan\/wp-json\/wp\/v2\/podcast\/11653\/revisions"}],"predecessor-version":[{"id":11654,"href":"https:\/\/radio-aviva.com\/perpignan\/wp-json\/wp\/v2\/podcast\/11653\/revisions\/11654"}],"wp:featuredmedia":[{"embeddable":true,"href":"https:\/\/radio-aviva.com\/perpignan\/wp-json\/wp\/v2\/media\/9640"}],"wp:attachment":[{"href":"https:\/\/radio-aviva.com\/perpignan\/wp-json\/wp\/v2\/media?parent=11653"}],"wp:term":[{"taxonomy":"post_tag","embeddable":true,"href":"https:\/\/radio-aviva.com\/perpignan\/wp-json\/wp\/v2\/tags?post=11653"},{"taxonomy":"podcastfilter","embeddable":true,"href":"https:\/\/radio-aviva.com\/perpignan\/wp-json\/wp\/v2\/podcastfilter?post=11653"}],"curies":[{"name":"wp","href":"https:\/\/api.w.org\/{rel}","templated":true}]}}

Nouveau centre de préparation à la haute performance de Font-Romeu &#8211; Kamel Chibli, Vice-président du Conseil Régional

<p>Dans ce podcast, découvrez le projet du nouveau centre de préparation à la haute performance de Font-Romeu. Kamel Chibli, vice-président du Conseil Régional vous présente cette expansion du CNEA (Centre National d’Entraînement en Altitude) de Font-Romeu, prévue pour faire de ce site une référence mondiale dans la préparation d&rsquo;athlètes français et internationaux aux grandes compétitions sportives. Cette interview a été menée par Claire Helligsø-Dubost.</p>
