{"id":11655,"date":"2025-12-08T14:05:15","date_gmt":"2025-12-08T13:05:15","guid":{"rendered":"https:\/\/radio-aviva.com\/perpignan\/?post_type=podcast&#038;p=11655"},"modified":"2025-12-08T14:12:44","modified_gmt":"2025-12-08T13:12:44","slug":"worldskills-48e-edition-kamel-chibli-vice-president-du-conseil-regional","status":"publish","type":"podcast","link":"https:\/\/radio-aviva.com\/perpignan\/podcast\/worldskills-48e-edition-kamel-chibli-vice-president-du-conseil-regional\/","title":{"rendered":"Worldskills, 48e \u00e9dition &#8211; Kamel Chibli, vice-pr\u00e9sident du Conseil R\u00e9gional"},"content":{"rendered":"<p>Dans cet \u00e9pisode, revivez avec nous la finale nationale des Worldskills 2025, la plus grande comp\u00e9tition des m\u00e9tiers du monde, o\u00f9 22 jeunes occitans ont \u00e9t\u00e9 r\u00e9compens\u00e9s. Kamel Chibli, vice-pr\u00e9sident du Conseil R\u00e9gional revient avec nous sur cet \u00e9v\u00e9nement, au micro de Claire Helligs\u00f8-Dubost.<\/p>\n","protected":false},"author":1,"featured_media":9640,"template":"","tags":[],"podcastfilter":[181,299,269,145,194],"class_list":["post-11655","podcast","type-podcast","status-publish","has-post-thumbnail","hentry","podcastfilter-emploi","podcastfilter-emploi-formations","podcastfilter-formation","podcastfilter-mag-de-la-redac","podcastfilter-occitanie"],"_links":{"self":[{"href":"https:\/\/radio-aviva.com\/perpignan\/wp-json\/wp\/v2\/podcast\/11655","targetHints":{"allow":["GET"]}}],"collection":[{"href":"https:\/\/radio-aviva.com\/perpignan\/wp-json\/wp\/v2\/podcast"}],"about":[{"href":"https:\/\/radio-aviva.com\/perpignan\/wp-json\/wp\/v2\/types\/podcast"}],"author":[{"embeddable":true,"href":"https:\/\/radio-aviva.com\/perpignan\/wp-json\/wp\/v2\/users\/1"}],"version-history":[{"count":1,"href":"https:\/\/radio-aviva.com\/perpignan\/wp-json\/wp\/v2\/podcast\/11655\/revisions"}],"predecessor-version":[{"id":11656,"href":"https:\/\/radio-aviva.com\/perpignan\/wp-json\/wp\/v2\/podcast\/11655\/revisions\/11656"}],"wp:featuredmedia":[{"embeddable":true,"href":"https:\/\/radio-aviva.com\/perpignan\/wp-json\/wp\/v2\/media\/9640"}],"wp:attachment":[{"href":"https:\/\/radio-aviva.com\/perpignan\/wp-json\/wp\/v2\/media?parent=11655"}],"wp:term":[{"taxonomy":"post_tag","embeddable":true,"href":"https:\/\/radio-aviva.com\/perpignan\/wp-json\/wp\/v2\/tags?post=11655"},{"taxonomy":"podcastfilter","embeddable":true,"href":"https:\/\/radio-aviva.com\/perpignan\/wp-json\/wp\/v2\/podcastfilter?post=11655"}],"curies":[{"name":"wp","href":"https:\/\/api.w.org\/{rel}","templated":true}]}}

Worldskills, 48e édition &#8211; Kamel Chibli, vice-président du Conseil Régional

<p>Dans cet épisode, revivez avec nous la finale nationale des Worldskills 2025, la plus grande compétition des métiers du monde, où 22 jeunes occitans ont été récompensés. Kamel Chibli, vice-président du Conseil Régional revient avec nous sur cet événement, au micro de Claire Helligsø-Dubost.</p>
