{"id":11657,"date":"2025-12-08T14:15:08","date_gmt":"2025-12-08T13:15:08","guid":{"rendered":"https:\/\/radio-aviva.com\/perpignan\/?post_type=podcast&#038;p=11657"},"modified":"2025-12-08T14:21:39","modified_gmt":"2025-12-08T13:21:39","slug":"water-ecosystem-et-son-generateur-deau-atmospherique-david-mardivirin-cofondateur","status":"publish","type":"podcast","link":"https:\/\/radio-aviva.com\/perpignan\/podcast\/water-ecosystem-et-son-generateur-deau-atmospherique-david-mardivirin-cofondateur\/","title":{"rendered":"Water ECOsystem et son g\u00e9n\u00e9rateur d&rsquo;eau atmosph\u00e9rique &#8211; David MARDIVIRIN, CoFondateur"},"content":{"rendered":"<p>Dans cet \u00e9pisode, d\u00e9couvrez l&rsquo;innovant g\u00e9n\u00e9rateur d&rsquo;eau atmosph\u00e9rique mis au point par Water ECOsystem, une startup perpignanaise. David Mardivirin, co-fondateur, nous pr\u00e9sente cette nouvelle solution contre le probl\u00e8me de la s\u00e9cheresse, au micro de Claire Helligs\u00f8-Dubost.<\/p>\n","protected":false},"author":1,"featured_media":9640,"template":"","tags":[],"podcastfilter":[145,226,275],"class_list":["post-11657","podcast","type-podcast","status-publish","has-post-thumbnail","hentry","podcastfilter-mag-de-la-redac","podcastfilter-secheresse","podcastfilter-technologie"],"_links":{"self":[{"href":"https:\/\/radio-aviva.com\/perpignan\/wp-json\/wp\/v2\/podcast\/11657","targetHints":{"allow":["GET"]}}],"collection":[{"href":"https:\/\/radio-aviva.com\/perpignan\/wp-json\/wp\/v2\/podcast"}],"about":[{"href":"https:\/\/radio-aviva.com\/perpignan\/wp-json\/wp\/v2\/types\/podcast"}],"author":[{"embeddable":true,"href":"https:\/\/radio-aviva.com\/perpignan\/wp-json\/wp\/v2\/users\/1"}],"version-history":[{"count":1,"href":"https:\/\/radio-aviva.com\/perpignan\/wp-json\/wp\/v2\/podcast\/11657\/revisions"}],"predecessor-version":[{"id":11658,"href":"https:\/\/radio-aviva.com\/perpignan\/wp-json\/wp\/v2\/podcast\/11657\/revisions\/11658"}],"wp:featuredmedia":[{"embeddable":true,"href":"https:\/\/radio-aviva.com\/perpignan\/wp-json\/wp\/v2\/media\/9640"}],"wp:attachment":[{"href":"https:\/\/radio-aviva.com\/perpignan\/wp-json\/wp\/v2\/media?parent=11657"}],"wp:term":[{"taxonomy":"post_tag","embeddable":true,"href":"https:\/\/radio-aviva.com\/perpignan\/wp-json\/wp\/v2\/tags?post=11657"},{"taxonomy":"podcastfilter","embeddable":true,"href":"https:\/\/radio-aviva.com\/perpignan\/wp-json\/wp\/v2\/podcastfilter?post=11657"}],"curies":[{"name":"wp","href":"https:\/\/api.w.org\/{rel}","templated":true}]}}

Water ECOsystem et son générateur d&rsquo;eau atmosphérique &#8211; David MARDIVIRIN, CoFondateur

<p>Dans cet épisode, découvrez l&rsquo;innovant générateur d&rsquo;eau atmosphérique mis au point par Water ECOsystem, une startup perpignanaise. David Mardivirin, co-fondateur, nous présente cette nouvelle solution contre le problème de la sécheresse, au micro de Claire Helligsø-Dubost.</p>
