{"id":11659,"date":"2025-12-08T14:23:53","date_gmt":"2025-12-08T13:23:53","guid":{"rendered":"https:\/\/radio-aviva.com\/perpignan\/?post_type=podcast&#038;p=11659"},"modified":"2025-12-08T14:30:41","modified_gmt":"2025-12-08T13:30:41","slug":"etat-des-lieux-des-filieres-dapprentissage-marie-paule-rando-directrice-du-pole-formation-de-la-chambre-des-metiers-et-de-lartisanat-des-pyrenees-orientales","status":"publish","type":"podcast","link":"https:\/\/radio-aviva.com\/perpignan\/podcast\/etat-des-lieux-des-filieres-dapprentissage-marie-paule-rando-directrice-du-pole-formation-de-la-chambre-des-metiers-et-de-lartisanat-des-pyrenees-orientales\/","title":{"rendered":"Etat des lieux des fili\u00e8res d&rsquo;apprentissage &#8211; Marie-Paule Rando, Directrice du P\u00f4le Formation de la Chambre des M\u00e9tiers et de l&rsquo;Artisanat des Pyr\u00e9n\u00e9es-Orientales"},"content":{"rendered":"<p>A l&rsquo;occasion du centenaire de la Chambre des M\u00e9tiers et de l&rsquo;Artisanat, d\u00e9couvrez dans ce podcast les possibilit\u00e9s offertes aux jeunes en apprentissage dans le d\u00e9partement. Marie-Paule Rando, directrice du P\u00f4le Formation de la CMA des Pyr\u00e9n\u00e9es-Orientales nous fait cet \u00e9tat des lieux au micro de Perla Danan.<\/p>\n","protected":false},"author":1,"featured_media":9640,"template":"","tags":[],"podcastfilter":[219,181,299,145,186],"class_list":["post-11659","podcast","type-podcast","status-publish","has-post-thumbnail","hentry","podcastfilter-apprentissage","podcastfilter-emploi","podcastfilter-emploi-formations","podcastfilter-mag-de-la-redac","podcastfilter-pyrenees-orientales-2"],"_links":{"self":[{"href":"https:\/\/radio-aviva.com\/perpignan\/wp-json\/wp\/v2\/podcast\/11659","targetHints":{"allow":["GET"]}}],"collection":[{"href":"https:\/\/radio-aviva.com\/perpignan\/wp-json\/wp\/v2\/podcast"}],"about":[{"href":"https:\/\/radio-aviva.com\/perpignan\/wp-json\/wp\/v2\/types\/podcast"}],"author":[{"embeddable":true,"href":"https:\/\/radio-aviva.com\/perpignan\/wp-json\/wp\/v2\/users\/1"}],"version-history":[{"count":1,"href":"https:\/\/radio-aviva.com\/perpignan\/wp-json\/wp\/v2\/podcast\/11659\/revisions"}],"predecessor-version":[{"id":11660,"href":"https:\/\/radio-aviva.com\/perpignan\/wp-json\/wp\/v2\/podcast\/11659\/revisions\/11660"}],"wp:featuredmedia":[{"embeddable":true,"href":"https:\/\/radio-aviva.com\/perpignan\/wp-json\/wp\/v2\/media\/9640"}],"wp:attachment":[{"href":"https:\/\/radio-aviva.com\/perpignan\/wp-json\/wp\/v2\/media?parent=11659"}],"wp:term":[{"taxonomy":"post_tag","embeddable":true,"href":"https:\/\/radio-aviva.com\/perpignan\/wp-json\/wp\/v2\/tags?post=11659"},{"taxonomy":"podcastfilter","embeddable":true,"href":"https:\/\/radio-aviva.com\/perpignan\/wp-json\/wp\/v2\/podcastfilter?post=11659"}],"curies":[{"name":"wp","href":"https:\/\/api.w.org\/{rel}","templated":true}]}}

Etat des lieux des filières d&rsquo;apprentissage &#8211; Marie-Paule Rando, Directrice du Pôle Formation de la Chambre des Métiers et de l&rsquo;Artisanat des Pyrénées-Orientales

<p>A l&rsquo;occasion du centenaire de la Chambre des Métiers et de l&rsquo;Artisanat, découvrez dans ce podcast les possibilités offertes aux jeunes en apprentissage dans le département. Marie-Paule Rando, directrice du Pôle Formation de la CMA des Pyrénées-Orientales nous fait cet état des lieux au micro de Perla Danan.</p>
