{"id":11661,"date":"2025-12-08T14:32:41","date_gmt":"2025-12-08T13:32:41","guid":{"rendered":"https:\/\/radio-aviva.com\/perpignan\/?post_type=podcast&#038;p=11661"},"modified":"2025-12-08T14:51:13","modified_gmt":"2025-12-08T13:51:13","slug":"bruno-berthet-secretaire-general-de-la-prefecture-bilan-des-assises-2025-de-la-viticulture-dans-les-pyrenees-orientales","status":"publish","type":"podcast","link":"https:\/\/radio-aviva.com\/perpignan\/podcast\/bruno-berthet-secretaire-general-de-la-prefecture-bilan-des-assises-2025-de-la-viticulture-dans-les-pyrenees-orientales\/","title":{"rendered":"Bruno Berthet, Secr\u00e9taire g\u00e9n\u00e9ral de la pr\u00e9fecture &#8211; Bilan des Assises 2025 de la Viticulture dans les Pyr\u00e9n\u00e9es-Orientales"},"content":{"rendered":"<p>Dans ce podcast d\u00e9couvrez les conclusions des Assises 2025 de la Viticulture dans les Pyr\u00e9n\u00e9es-Orientales, et les orientations pour le futur. Bruno Berthet, secr\u00e9taire g\u00e9n\u00e9ral de la pr\u00e9fecture, nous explique les enjeux de cet \u00e9v\u00e9nement au micro de Claire Helligs\u00f8-Dubost.<\/p>\n","protected":false},"author":1,"featured_media":9068,"template":"","tags":[],"podcastfilter":[183,175,225,186],"class_list":["post-11661","podcast","type-podcast","status-publish","has-post-thumbnail","hentry","podcastfilter-agriculture","podcastfilter-invite-de-la-redaction","podcastfilter-prefecture","podcastfilter-pyrenees-orientales-2"],"_links":{"self":[{"href":"https:\/\/radio-aviva.com\/perpignan\/wp-json\/wp\/v2\/podcast\/11661","targetHints":{"allow":["GET"]}}],"collection":[{"href":"https:\/\/radio-aviva.com\/perpignan\/wp-json\/wp\/v2\/podcast"}],"about":[{"href":"https:\/\/radio-aviva.com\/perpignan\/wp-json\/wp\/v2\/types\/podcast"}],"author":[{"embeddable":true,"href":"https:\/\/radio-aviva.com\/perpignan\/wp-json\/wp\/v2\/users\/1"}],"version-history":[{"count":1,"href":"https:\/\/radio-aviva.com\/perpignan\/wp-json\/wp\/v2\/podcast\/11661\/revisions"}],"predecessor-version":[{"id":11662,"href":"https:\/\/radio-aviva.com\/perpignan\/wp-json\/wp\/v2\/podcast\/11661\/revisions\/11662"}],"wp:featuredmedia":[{"embeddable":true,"href":"https:\/\/radio-aviva.com\/perpignan\/wp-json\/wp\/v2\/media\/9068"}],"wp:attachment":[{"href":"https:\/\/radio-aviva.com\/perpignan\/wp-json\/wp\/v2\/media?parent=11661"}],"wp:term":[{"taxonomy":"post_tag","embeddable":true,"href":"https:\/\/radio-aviva.com\/perpignan\/wp-json\/wp\/v2\/tags?post=11661"},{"taxonomy":"podcastfilter","embeddable":true,"href":"https:\/\/radio-aviva.com\/perpignan\/wp-json\/wp\/v2\/podcastfilter?post=11661"}],"curies":[{"name":"wp","href":"https:\/\/api.w.org\/{rel}","templated":true}]}}

Bruno Berthet, Secrétaire général de la préfecture &#8211; Bilan des Assises 2025 de la Viticulture dans les Pyrénées-Orientales

<p>Dans ce podcast découvrez les conclusions des Assises 2025 de la Viticulture dans les Pyrénées-Orientales, et les orientations pour le futur. Bruno Berthet, secrétaire général de la préfecture, nous explique les enjeux de cet événement au micro de Claire Helligsø-Dubost.</p>
