{"id":11665,"date":"2025-12-08T15:03:26","date_gmt":"2025-12-08T14:03:26","guid":{"rendered":"https:\/\/radio-aviva.com\/perpignan\/?post_type=podcast&#038;p=11665"},"modified":"2025-12-08T15:10:25","modified_gmt":"2025-12-08T14:10:25","slug":"association-nonie-et-toit-nathalie-padilla-fondatrice","status":"publish","type":"podcast","link":"https:\/\/radio-aviva.com\/perpignan\/podcast\/association-nonie-et-toit-nathalie-padilla-fondatrice\/","title":{"rendered":"Association Nonie et Toit &#8211; Nathalie Padilla, Fondatrice"},"content":{"rendered":"<p>Dans cet \u00e9pisode, d\u00e9couvrez l&rsquo;histoire et la mission de l&rsquo;habitat partag\u00e9 Nonie et Toit, fond\u00e9 \u00e0 Perpignan par Nathalie Padilla pour permettre aux personnes atteintes de handicap de vivre en autonomie. Mme Padilla nous pr\u00e9sente \u00e9galement l&rsquo;actualit\u00e9 de l&rsquo;association, au micro de Claire Helligs\u00f8-Dubost.<\/p>\n","protected":false},"author":1,"featured_media":9953,"template":"","tags":[],"podcastfilter":[190,230,314,138,109],"class_list":["post-11665","podcast","type-podcast","status-publish","has-post-thumbnail","hentry","podcastfilter-association","podcastfilter-handicap","podcastfilter-la-voix-des-assos","podcastfilter-lutte-contre-les-discriminations","podcastfilter-perpignan"],"_links":{"self":[{"href":"https:\/\/radio-aviva.com\/perpignan\/wp-json\/wp\/v2\/podcast\/11665","targetHints":{"allow":["GET"]}}],"collection":[{"href":"https:\/\/radio-aviva.com\/perpignan\/wp-json\/wp\/v2\/podcast"}],"about":[{"href":"https:\/\/radio-aviva.com\/perpignan\/wp-json\/wp\/v2\/types\/podcast"}],"author":[{"embeddable":true,"href":"https:\/\/radio-aviva.com\/perpignan\/wp-json\/wp\/v2\/users\/1"}],"version-history":[{"count":1,"href":"https:\/\/radio-aviva.com\/perpignan\/wp-json\/wp\/v2\/podcast\/11665\/revisions"}],"predecessor-version":[{"id":11666,"href":"https:\/\/radio-aviva.com\/perpignan\/wp-json\/wp\/v2\/podcast\/11665\/revisions\/11666"}],"wp:featuredmedia":[{"embeddable":true,"href":"https:\/\/radio-aviva.com\/perpignan\/wp-json\/wp\/v2\/media\/9953"}],"wp:attachment":[{"href":"https:\/\/radio-aviva.com\/perpignan\/wp-json\/wp\/v2\/media?parent=11665"}],"wp:term":[{"taxonomy":"post_tag","embeddable":true,"href":"https:\/\/radio-aviva.com\/perpignan\/wp-json\/wp\/v2\/tags?post=11665"},{"taxonomy":"podcastfilter","embeddable":true,"href":"https:\/\/radio-aviva.com\/perpignan\/wp-json\/wp\/v2\/podcastfilter?post=11665"}],"curies":[{"name":"wp","href":"https:\/\/api.w.org\/{rel}","templated":true}]}}

<p>Dans cet épisode, découvrez l&rsquo;histoire et la mission de l&rsquo;habitat partagé Nonie et Toit, fondé à Perpignan par Nathalie Padilla pour permettre aux personnes atteintes de handicap de vivre en autonomie. Mme Padilla nous présente également l&rsquo;actualité de l&rsquo;association, au micro de Claire Helligsø-Dubost.</p>
