{"id":11667,"date":"2025-12-08T15:12:37","date_gmt":"2025-12-08T14:12:37","guid":{"rendered":"https:\/\/radio-aviva.com\/perpignan\/?post_type=podcast&#038;p=11667"},"modified":"2025-12-08T15:18:38","modified_gmt":"2025-12-08T14:18:38","slug":"cedric-corcelette-charge-de-projets-transfrontaliers-a-la-cci-pyrenees-orientales-programme-erasmus-jeunes-entrepreneurs-encadre-par-la-ccipo","status":"publish","type":"podcast","link":"https:\/\/radio-aviva.com\/perpignan\/podcast\/cedric-corcelette-charge-de-projets-transfrontaliers-a-la-cci-pyrenees-orientales-programme-erasmus-jeunes-entrepreneurs-encadre-par-la-ccipo\/","title":{"rendered":"C\u00e9dric Corcelette, charg\u00e9 de projets transfrontaliers \u00e0 la CCI Pyr\u00e9n\u00e9es-Orientales &#8211; Programme Erasmus Jeunes Entrepreneurs encadr\u00e9 par la CCIPO"},"content":{"rendered":"<p>Dans cet \u00e9pisode, d\u00e9couvrez le programme europ\u00e9en Erasmus Jeunes Entrepreneurs Corcelette, charg\u00e9 de projets transfrontalier et du programme Erasmus Jeunes Entrepreneurs \u00e0 la CCI Pyr\u00e9n\u00e9es-Orientales nous pr\u00e9sente ce dispositif encore trop peu connu, au micro de Claire Helligs\u00f8-Dubost.<\/p>\n","protected":false},"author":1,"featured_media":9068,"template":"","tags":[],"podcastfilter":[156,181,299,179,135,186],"class_list":["post-11667","podcast","type-podcast","status-publish","has-post-thumbnail","hentry","podcastfilter-cci","podcastfilter-emploi","podcastfilter-emploi-formations","podcastfilter-europe","podcastfilter-linvite-de-la-redaction","podcastfilter-pyrenees-orientales-2"],"_links":{"self":[{"href":"https:\/\/radio-aviva.com\/perpignan\/wp-json\/wp\/v2\/podcast\/11667","targetHints":{"allow":["GET"]}}],"collection":[{"href":"https:\/\/radio-aviva.com\/perpignan\/wp-json\/wp\/v2\/podcast"}],"about":[{"href":"https:\/\/radio-aviva.com\/perpignan\/wp-json\/wp\/v2\/types\/podcast"}],"author":[{"embeddable":true,"href":"https:\/\/radio-aviva.com\/perpignan\/wp-json\/wp\/v2\/users\/1"}],"version-history":[{"count":1,"href":"https:\/\/radio-aviva.com\/perpignan\/wp-json\/wp\/v2\/podcast\/11667\/revisions"}],"predecessor-version":[{"id":11668,"href":"https:\/\/radio-aviva.com\/perpignan\/wp-json\/wp\/v2\/podcast\/11667\/revisions\/11668"}],"wp:featuredmedia":[{"embeddable":true,"href":"https:\/\/radio-aviva.com\/perpignan\/wp-json\/wp\/v2\/media\/9068"}],"wp:attachment":[{"href":"https:\/\/radio-aviva.com\/perpignan\/wp-json\/wp\/v2\/media?parent=11667"}],"wp:term":[{"taxonomy":"post_tag","embeddable":true,"href":"https:\/\/radio-aviva.com\/perpignan\/wp-json\/wp\/v2\/tags?post=11667"},{"taxonomy":"podcastfilter","embeddable":true,"href":"https:\/\/radio-aviva.com\/perpignan\/wp-json\/wp\/v2\/podcastfilter?post=11667"}],"curies":[{"name":"wp","href":"https:\/\/api.w.org\/{rel}","templated":true}]}}

Cédric Corcelette, chargé de projets transfrontaliers à la CCI Pyrénées-Orientales &#8211; Programme Erasmus Jeunes Entrepreneurs encadré par la CCIPO

<p>Dans cet épisode, découvrez le programme européen Erasmus Jeunes Entrepreneurs Corcelette, chargé de projets transfrontalier et du programme Erasmus Jeunes Entrepreneurs à la CCI Pyrénées-Orientales nous présente ce dispositif encore trop peu connu, au micro de Claire Helligsø-Dubost.</p>
