{"id":11669,"date":"2025-12-08T15:20:41","date_gmt":"2025-12-08T14:20:41","guid":{"rendered":"https:\/\/radio-aviva.com\/perpignan\/?post_type=podcast&#038;p=11669"},"modified":"2025-12-08T15:27:26","modified_gmt":"2025-12-08T14:27:26","slug":"gregory-albareda-laureat-startup-weekend-perpignan-cofondateur-du-projet-vertikal","status":"publish","type":"podcast","link":"https:\/\/radio-aviva.com\/perpignan\/podcast\/gregory-albareda-laureat-startup-weekend-perpignan-cofondateur-du-projet-vertikal\/","title":{"rendered":"Gr\u00e9gory Albareda, Laur\u00e9at Startup Weekend Perpignan, Cofondateur du projet Vertikal"},"content":{"rendered":"<p>Dans cet \u00e9pisode, d\u00e9couvrez le projet VERTIKAL, laur\u00e9at du Startup Weekend Perpignan M\u00e9diterran\u00e9e, pr\u00e9sent\u00e9 par l&rsquo;un de ses fondateurs. Gr\u00e9gory Albareda nous fait d\u00e9couvrir les coulisses de la comp\u00e9tition, et la gen\u00e8se du projet vainqueur, au micro de Claire Helligs\u00f8-Dubost.<\/p>\n","protected":false},"author":1,"featured_media":9068,"template":"","tags":[],"podcastfilter":[299,143,306,135,275],"class_list":["post-11669","podcast","type-podcast","status-publish","has-post-thumbnail","hentry","podcastfilter-emploi-formations","podcastfilter-environnement","podcastfilter-french-tech","podcastfilter-linvite-de-la-redaction","podcastfilter-technologie"],"_links":{"self":[{"href":"https:\/\/radio-aviva.com\/perpignan\/wp-json\/wp\/v2\/podcast\/11669","targetHints":{"allow":["GET"]}}],"collection":[{"href":"https:\/\/radio-aviva.com\/perpignan\/wp-json\/wp\/v2\/podcast"}],"about":[{"href":"https:\/\/radio-aviva.com\/perpignan\/wp-json\/wp\/v2\/types\/podcast"}],"author":[{"embeddable":true,"href":"https:\/\/radio-aviva.com\/perpignan\/wp-json\/wp\/v2\/users\/1"}],"version-history":[{"count":1,"href":"https:\/\/radio-aviva.com\/perpignan\/wp-json\/wp\/v2\/podcast\/11669\/revisions"}],"predecessor-version":[{"id":11670,"href":"https:\/\/radio-aviva.com\/perpignan\/wp-json\/wp\/v2\/podcast\/11669\/revisions\/11670"}],"wp:featuredmedia":[{"embeddable":true,"href":"https:\/\/radio-aviva.com\/perpignan\/wp-json\/wp\/v2\/media\/9068"}],"wp:attachment":[{"href":"https:\/\/radio-aviva.com\/perpignan\/wp-json\/wp\/v2\/media?parent=11669"}],"wp:term":[{"taxonomy":"post_tag","embeddable":true,"href":"https:\/\/radio-aviva.com\/perpignan\/wp-json\/wp\/v2\/tags?post=11669"},{"taxonomy":"podcastfilter","embeddable":true,"href":"https:\/\/radio-aviva.com\/perpignan\/wp-json\/wp\/v2\/podcastfilter?post=11669"}],"curies":[{"name":"wp","href":"https:\/\/api.w.org\/{rel}","templated":true}]}}

Grégory Albareda, Lauréat Startup Weekend Perpignan, Cofondateur du projet Vertikal

<p>Dans cet épisode, découvrez le projet VERTIKAL, lauréat du Startup Weekend Perpignan Méditerranée, présenté par l&rsquo;un de ses fondateurs. Grégory Albareda nous fait découvrir les coulisses de la compétition, et la genèse du projet vainqueur, au micro de Claire Helligsø-Dubost.</p>
