{"id":11671,"date":"2025-12-08T15:32:31","date_gmt":"2025-12-08T14:32:31","guid":{"rendered":"https:\/\/radio-aviva.com\/perpignan\/?post_type=podcast&#038;p=11671"},"modified":"2025-12-08T15:46:05","modified_gmt":"2025-12-08T14:46:05","slug":"temoignage-de-roger-fajnzylberg-au-memorial-du-camp-de-rivesaltes-ce-que-jai-vu-a-auschwitz-les-cahiers-dalter","status":"publish","type":"podcast","link":"https:\/\/radio-aviva.com\/perpignan\/podcast\/temoignage-de-roger-fajnzylberg-au-memorial-du-camp-de-rivesaltes-ce-que-jai-vu-a-auschwitz-les-cahiers-dalter\/","title":{"rendered":"T\u00e9moignage de Roger Fajnzylberg au M\u00e9morial du Camp de Rivesaltes &#8211; \u201cCe que j\u2019ai vu \u00e0 Auschwitz. Les Cahiers d\u2019Alter\u201d"},"content":{"rendered":"<p>Pour ce nouvel \u00e9pisode, nous sommes au M\u00e9morial du Camp de Rivesaltes, \u00e0 l&rsquo;occasion du t\u00e9moignage de l&rsquo;auteur Roger Fajnzylberg. Monsieur Fajnzylberg est intervenu devant plusieurs classes de lyc\u00e9ens pour pr\u00e9senter son livre \u201cCe que j\u2019ai vu \u00e0 Auschwitz. Les Cahiers d\u2019Alter\u201d. Ce r\u00e9cit retrace l&rsquo;histoire de son p\u00e8re, d\u00e9port\u00e9 et int\u00e9gr\u00e9 de force dans les Sonderkommandos \u00e0 Auschwitz Birkenau. L&rsquo;interview a \u00e9t\u00e9 men\u00e9e par Claire Helligs\u00f8-Dubost.<\/p>\n","protected":false},"author":1,"featured_media":11672,"template":"","tags":[],"podcastfilter":[193,160,212,133],"class_list":["post-11671","podcast","type-podcast","status-publish","has-post-thumbnail","hentry","podcastfilter-hier-et-aujourdhui","podcastfilter-histoire-juive","podcastfilter-livre","podcastfilter-memoire"],"_links":{"self":[{"href":"https:\/\/radio-aviva.com\/perpignan\/wp-json\/wp\/v2\/podcast\/11671","targetHints":{"allow":["GET"]}}],"collection":[{"href":"https:\/\/radio-aviva.com\/perpignan\/wp-json\/wp\/v2\/podcast"}],"about":[{"href":"https:\/\/radio-aviva.com\/perpignan\/wp-json\/wp\/v2\/types\/podcast"}],"author":[{"embeddable":true,"href":"https:\/\/radio-aviva.com\/perpignan\/wp-json\/wp\/v2\/users\/1"}],"version-history":[{"count":1,"href":"https:\/\/radio-aviva.com\/perpignan\/wp-json\/wp\/v2\/podcast\/11671\/revisions"}],"predecessor-version":[{"id":11673,"href":"https:\/\/radio-aviva.com\/perpignan\/wp-json\/wp\/v2\/podcast\/11671\/revisions\/11673"}],"wp:featuredmedia":[{"embeddable":true,"href":"https:\/\/radio-aviva.com\/perpignan\/wp-json\/wp\/v2\/media\/11672"}],"wp:attachment":[{"href":"https:\/\/radio-aviva.com\/perpignan\/wp-json\/wp\/v2\/media?parent=11671"}],"wp:term":[{"taxonomy":"post_tag","embeddable":true,"href":"https:\/\/radio-aviva.com\/perpignan\/wp-json\/wp\/v2\/tags?post=11671"},{"taxonomy":"podcastfilter","embeddable":true,"href":"https:\/\/radio-aviva.com\/perpignan\/wp-json\/wp\/v2\/podcastfilter?post=11671"}],"curies":[{"name":"wp","href":"https:\/\/api.w.org\/{rel}","templated":true}]}}

Témoignage de Roger Fajnzylberg au Mémorial du Camp de Rivesaltes &#8211; “Ce que j’ai vu à Auschwitz. Les Cahiers d’Alter”

<p>Pour ce nouvel épisode, nous sommes au Mémorial du Camp de Rivesaltes, à l&rsquo;occasion du témoignage de l&rsquo;auteur Roger Fajnzylberg. Monsieur Fajnzylberg est intervenu devant plusieurs classes de lycéens pour présenter son livre “Ce que j’ai vu à Auschwitz. Les Cahiers d’Alter”. Ce récit retrace l&rsquo;histoire de son père, déporté et intégré de force dans les Sonderkommandos à Auschwitz Birkenau. L&rsquo;interview a été menée par Claire Helligsø-Dubost.</p>
