{"id":11674,"date":"2025-12-08T15:47:27","date_gmt":"2025-12-08T14:47:27","guid":{"rendered":"https:\/\/radio-aviva.com\/perpignan\/?post_type=podcast&#038;p=11674"},"modified":"2025-12-08T15:51:57","modified_gmt":"2025-12-08T14:51:57","slug":"recyclerie-delne-et-materiautheque-dargeles-nassera-soufi-directrice","status":"publish","type":"podcast","link":"https:\/\/radio-aviva.com\/perpignan\/podcast\/recyclerie-delne-et-materiautheque-dargeles-nassera-soufi-directrice\/","title":{"rendered":"Recyclerie d&rsquo;Elne et Mat\u00e9riauth\u00e8que d&rsquo;Argel\u00e8s &#8211; Nassera Soufi, Directrice"},"content":{"rendered":"<p>Dans cet \u00e9pisode de la Voix des Assos, (re)d\u00e9couvrez la Recyclerie d&rsquo;Elne et la Mat\u00e9riauth\u00e8que d&rsquo;Argel\u00e8s. Nassera Soufi, directrice, nous pr\u00e9sente la mission des deux structures pour le retour vers l&#8217;emploi sur le territoire des Pyr\u00e9n\u00e9es-Orientales. D\u00e9couvrez leurs actualit\u00e9s dans cette interview men\u00e9e par Claire Helligs\u00f8-Dubost.<\/p>\n","protected":false},"author":1,"featured_media":9953,"template":"","tags":[],"podcastfilter":[190,181,148],"class_list":["post-11674","podcast","type-podcast","status-publish","has-post-thumbnail","hentry","podcastfilter-association","podcastfilter-emploi","podcastfilter-voix-des-assos"],"_links":{"self":[{"href":"https:\/\/radio-aviva.com\/perpignan\/wp-json\/wp\/v2\/podcast\/11674","targetHints":{"allow":["GET"]}}],"collection":[{"href":"https:\/\/radio-aviva.com\/perpignan\/wp-json\/wp\/v2\/podcast"}],"about":[{"href":"https:\/\/radio-aviva.com\/perpignan\/wp-json\/wp\/v2\/types\/podcast"}],"author":[{"embeddable":true,"href":"https:\/\/radio-aviva.com\/perpignan\/wp-json\/wp\/v2\/users\/1"}],"version-history":[{"count":1,"href":"https:\/\/radio-aviva.com\/perpignan\/wp-json\/wp\/v2\/podcast\/11674\/revisions"}],"predecessor-version":[{"id":11675,"href":"https:\/\/radio-aviva.com\/perpignan\/wp-json\/wp\/v2\/podcast\/11674\/revisions\/11675"}],"wp:featuredmedia":[{"embeddable":true,"href":"https:\/\/radio-aviva.com\/perpignan\/wp-json\/wp\/v2\/media\/9953"}],"wp:attachment":[{"href":"https:\/\/radio-aviva.com\/perpignan\/wp-json\/wp\/v2\/media?parent=11674"}],"wp:term":[{"taxonomy":"post_tag","embeddable":true,"href":"https:\/\/radio-aviva.com\/perpignan\/wp-json\/wp\/v2\/tags?post=11674"},{"taxonomy":"podcastfilter","embeddable":true,"href":"https:\/\/radio-aviva.com\/perpignan\/wp-json\/wp\/v2\/podcastfilter?post=11674"}],"curies":[{"name":"wp","href":"https:\/\/api.w.org\/{rel}","templated":true}]}}

Recyclerie d&rsquo;Elne et Matériauthèque d&rsquo;Argelès &#8211; Nassera Soufi, Directrice

<p>Dans cet épisode de la Voix des Assos, (re)découvrez la Recyclerie d&rsquo;Elne et la Matériauthèque d&rsquo;Argelès. Nassera Soufi, directrice, nous présente la mission des deux structures pour le retour vers l&#8217;emploi sur le territoire des Pyrénées-Orientales. Découvrez leurs actualités dans cette interview menée par Claire Helligsø-Dubost.</p>
