{"id":11676,"date":"2025-12-08T15:55:32","date_gmt":"2025-12-08T14:55:32","guid":{"rendered":"https:\/\/radio-aviva.com\/perpignan\/?post_type=podcast&#038;p=11676"},"modified":"2025-12-08T16:00:39","modified_gmt":"2025-12-08T15:00:39","slug":"ecole-marianne-perpignan-joan-chillon-president-de-lantenne-ecole-marianne-upvd-emelia-ruiz-vice-presidente-chargee-de-levenementiel","status":"publish","type":"podcast","link":"https:\/\/radio-aviva.com\/perpignan\/podcast\/ecole-marianne-perpignan-joan-chillon-president-de-lantenne-ecole-marianne-upvd-emelia-ruiz-vice-presidente-chargee-de-levenementiel\/","title":{"rendered":"Ecole Marianne Perpignan &#8211; Joan Chillon, Pr\u00e9sident de l&rsquo;antenne Ecole Marianne UPVD &#038; Emelia Ruiz, vice-pr\u00e9sidente, charg\u00e9e de l&rsquo;\u00e9v\u00e9nementiel"},"content":{"rendered":"<p>Dans ce podcast, d\u00e9couvrez l&rsquo;Ecole Marianne Perpignan, une association d\u00e9vou\u00e9e \u00e0 l&rsquo;\u00e9ducation \u00e0 la citoyennet\u00e9 par les jeunes et pour les jeunes sur le campus de l&rsquo;UPVD. Joan Chillon, pr\u00e9sident de l&rsquo;antenne Ecole Marianne UPVD et Emelia Ruiz, vice-pr\u00e9sidente charg\u00e9e de l&rsquo;\u00e9v\u00e9nementiel nous pr\u00e9sentent la mission et les projets de l&rsquo;association dans cette interview men\u00e9e par Claire Helligs\u00f8-Dubost.<\/p>\n","protected":false},"author":1,"featured_media":9953,"template":"","tags":[],"podcastfilter":[190,147,126,316,314,138,109,174],"class_list":["post-11676","podcast","type-podcast","status-publish","has-post-thumbnail","hentry","podcastfilter-association","podcastfilter-campus","podcastfilter-education","podcastfilter-jeune","podcastfilter-la-voix-des-assos","podcastfilter-lutte-contre-les-discriminations","podcastfilter-perpignan","podcastfilter-universite"],"_links":{"self":[{"href":"https:\/\/radio-aviva.com\/perpignan\/wp-json\/wp\/v2\/podcast\/11676","targetHints":{"allow":["GET"]}}],"collection":[{"href":"https:\/\/radio-aviva.com\/perpignan\/wp-json\/wp\/v2\/podcast"}],"about":[{"href":"https:\/\/radio-aviva.com\/perpignan\/wp-json\/wp\/v2\/types\/podcast"}],"author":[{"embeddable":true,"href":"https:\/\/radio-aviva.com\/perpignan\/wp-json\/wp\/v2\/users\/1"}],"version-history":[{"count":1,"href":"https:\/\/radio-aviva.com\/perpignan\/wp-json\/wp\/v2\/podcast\/11676\/revisions"}],"predecessor-version":[{"id":11677,"href":"https:\/\/radio-aviva.com\/perpignan\/wp-json\/wp\/v2\/podcast\/11676\/revisions\/11677"}],"wp:featuredmedia":[{"embeddable":true,"href":"https:\/\/radio-aviva.com\/perpignan\/wp-json\/wp\/v2\/media\/9953"}],"wp:attachment":[{"href":"https:\/\/radio-aviva.com\/perpignan\/wp-json\/wp\/v2\/media?parent=11676"}],"wp:term":[{"taxonomy":"post_tag","embeddable":true,"href":"https:\/\/radio-aviva.com\/perpignan\/wp-json\/wp\/v2\/tags?post=11676"},{"taxonomy":"podcastfilter","embeddable":true,"href":"https:\/\/radio-aviva.com\/perpignan\/wp-json\/wp\/v2\/podcastfilter?post=11676"}],"curies":[{"name":"wp","href":"https:\/\/api.w.org\/{rel}","templated":true}]}}

Ecole Marianne Perpignan &#8211; Joan Chillon, Président de l&rsquo;antenne Ecole Marianne UPVD &#038; Emelia Ruiz, vice-présidente, chargée de l&rsquo;événementiel

<p>Dans ce podcast, découvrez l&rsquo;Ecole Marianne Perpignan, une association dévouée à l&rsquo;éducation à la citoyenneté par les jeunes et pour les jeunes sur le campus de l&rsquo;UPVD. Joan Chillon, président de l&rsquo;antenne Ecole Marianne UPVD et Emelia Ruiz, vice-présidente chargée de l&rsquo;événementiel nous présentent la mission et les projets de l&rsquo;association dans cette interview menée par Claire Helligsø-Dubost.</p>
