{"id":11678,"date":"2025-12-08T16:03:28","date_gmt":"2025-12-08T15:03:28","guid":{"rendered":"https:\/\/radio-aviva.com\/perpignan\/?post_type=podcast&#038;p=11678"},"modified":"2025-12-08T16:10:31","modified_gmt":"2025-12-08T15:10:31","slug":"telethon-2025-rene-dublet-coordinateur-afm-telethon-pyrenees-orientales","status":"publish","type":"podcast","link":"https:\/\/radio-aviva.com\/perpignan\/podcast\/telethon-2025-rene-dublet-coordinateur-afm-telethon-pyrenees-orientales\/","title":{"rendered":"T\u00e9l\u00e9thon 2025 &#8211; Ren\u00e9 Dublet, Coordinateur AFM T\u00e9l\u00e9thon Pyr\u00e9n\u00e9es-Orientales"},"content":{"rendered":"<p>Dans cet \u00e9pisode, partez \u00e0 la d\u00e9couverte des projets du T\u00e9l\u00e9thon 2025 dans les Pyr\u00e9n\u00e9es-Orientales. Ren\u00e9 Dublet, Coordinateur AFM T\u00e9l\u00e9thon dans les Pyr\u00e9n\u00e9es-Orientales nous d\u00e9voile les objectifs de cette 38e \u00e9dition, ainsi que les animations pr\u00e9vues sur le d\u00e9partement. Cette interview a \u00e9t\u00e9 men\u00e9e par Claire Helligs\u00f8-Dubost.<\/p>\n","protected":false},"author":1,"featured_media":9640,"template":"","tags":[],"podcastfilter":[190,256,230,138,145,295,109,186,229,276],"class_list":["post-11678","podcast","type-podcast","status-publish","has-post-thumbnail","hentry","podcastfilter-association","podcastfilter-caritatif","podcastfilter-handicap","podcastfilter-lutte-contre-les-discriminations","podcastfilter-mag-de-la-redac","podcastfilter-medecine","podcastfilter-perpignan","podcastfilter-pyrenees-orientales-2","podcastfilter-recherche-medicale","podcastfilter-telethon"],"_links":{"self":[{"href":"https:\/\/radio-aviva.com\/perpignan\/wp-json\/wp\/v2\/podcast\/11678","targetHints":{"allow":["GET"]}}],"collection":[{"href":"https:\/\/radio-aviva.com\/perpignan\/wp-json\/wp\/v2\/podcast"}],"about":[{"href":"https:\/\/radio-aviva.com\/perpignan\/wp-json\/wp\/v2\/types\/podcast"}],"author":[{"embeddable":true,"href":"https:\/\/radio-aviva.com\/perpignan\/wp-json\/wp\/v2\/users\/1"}],"version-history":[{"count":1,"href":"https:\/\/radio-aviva.com\/perpignan\/wp-json\/wp\/v2\/podcast\/11678\/revisions"}],"predecessor-version":[{"id":11679,"href":"https:\/\/radio-aviva.com\/perpignan\/wp-json\/wp\/v2\/podcast\/11678\/revisions\/11679"}],"wp:featuredmedia":[{"embeddable":true,"href":"https:\/\/radio-aviva.com\/perpignan\/wp-json\/wp\/v2\/media\/9640"}],"wp:attachment":[{"href":"https:\/\/radio-aviva.com\/perpignan\/wp-json\/wp\/v2\/media?parent=11678"}],"wp:term":[{"taxonomy":"post_tag","embeddable":true,"href":"https:\/\/radio-aviva.com\/perpignan\/wp-json\/wp\/v2\/tags?post=11678"},{"taxonomy":"podcastfilter","embeddable":true,"href":"https:\/\/radio-aviva.com\/perpignan\/wp-json\/wp\/v2\/podcastfilter?post=11678"}],"curies":[{"name":"wp","href":"https:\/\/api.w.org\/{rel}","templated":true}]}}

Téléthon 2025 &#8211; René Dublet, Coordinateur AFM Téléthon Pyrénées-Orientales

<p>Dans cet épisode, partez à la découverte des projets du Téléthon 2025 dans les Pyrénées-Orientales. René Dublet, Coordinateur AFM Téléthon dans les Pyrénées-Orientales nous dévoile les objectifs de cette 38e édition, ainsi que les animations prévues sur le département. Cette interview a été menée par Claire Helligsø-Dubost.</p>
