{"id":11680,"date":"2025-12-08T16:12:47","date_gmt":"2025-12-08T15:12:47","guid":{"rendered":"https:\/\/radio-aviva.com\/perpignan\/?post_type=podcast&#038;p=11680"},"modified":"2025-12-08T16:19:41","modified_gmt":"2025-12-08T15:19:41","slug":"idem-questions-de-genre-francoise-birkui-sociologue-et-fondatrice-de-lassociation","status":"publish","type":"podcast","link":"https:\/\/radio-aviva.com\/perpignan\/podcast\/idem-questions-de-genre-francoise-birkui-sociologue-et-fondatrice-de-lassociation\/","title":{"rendered":"IDEM Questions de genre &#8211; Fran\u00e7oise Birkui, sociologue et fondatrice de l&rsquo;association"},"content":{"rendered":"<p>Dans cet \u00e9pisode de la Voix des Assos (re)d\u00e9couvrez IDEM Questions de genre, une association perpignanaise de recherche et d&rsquo;action sur les \u00e9tudes de genre. Fran\u00e7oise Birkui, sociologue et fondatrice nous pr\u00e9sente les missions de l&rsquo;association et les r\u00e9alit\u00e9s auxquelles elle se confronte. Cette interview a \u00e9t\u00e9 men\u00e9e par Claire Helligs\u00f8-Dubost.<\/p>\n","protected":false},"author":1,"featured_media":9953,"template":"","tags":[],"podcastfilter":[190,177,136,261,314,138,311,319],"class_list":["post-11680","podcast","type-podcast","status-publish","has-post-thumbnail","hentry","podcastfilter-association","podcastfilter-chemins-de-femmes","podcastfilter-egalite-hommes-femmes","podcastfilter-femmes","podcastfilter-la-voix-des-assos","podcastfilter-lutte-contre-les-discriminations","podcastfilter-matrimoine","podcastfilter-matrimoine-66"],"_links":{"self":[{"href":"https:\/\/radio-aviva.com\/perpignan\/wp-json\/wp\/v2\/podcast\/11680","targetHints":{"allow":["GET"]}}],"collection":[{"href":"https:\/\/radio-aviva.com\/perpignan\/wp-json\/wp\/v2\/podcast"}],"about":[{"href":"https:\/\/radio-aviva.com\/perpignan\/wp-json\/wp\/v2\/types\/podcast"}],"author":[{"embeddable":true,"href":"https:\/\/radio-aviva.com\/perpignan\/wp-json\/wp\/v2\/users\/1"}],"version-history":[{"count":1,"href":"https:\/\/radio-aviva.com\/perpignan\/wp-json\/wp\/v2\/podcast\/11680\/revisions"}],"predecessor-version":[{"id":11681,"href":"https:\/\/radio-aviva.com\/perpignan\/wp-json\/wp\/v2\/podcast\/11680\/revisions\/11681"}],"wp:featuredmedia":[{"embeddable":true,"href":"https:\/\/radio-aviva.com\/perpignan\/wp-json\/wp\/v2\/media\/9953"}],"wp:attachment":[{"href":"https:\/\/radio-aviva.com\/perpignan\/wp-json\/wp\/v2\/media?parent=11680"}],"wp:term":[{"taxonomy":"post_tag","embeddable":true,"href":"https:\/\/radio-aviva.com\/perpignan\/wp-json\/wp\/v2\/tags?post=11680"},{"taxonomy":"podcastfilter","embeddable":true,"href":"https:\/\/radio-aviva.com\/perpignan\/wp-json\/wp\/v2\/podcastfilter?post=11680"}],"curies":[{"name":"wp","href":"https:\/\/api.w.org\/{rel}","templated":true}]}}

IDEM Questions de genre &#8211; Françoise Birkui, sociologue et fondatrice de l&rsquo;association

<p>Dans cet épisode de la Voix des Assos (re)découvrez IDEM Questions de genre, une association perpignanaise de recherche et d&rsquo;action sur les études de genre. Françoise Birkui, sociologue et fondatrice nous présente les missions de l&rsquo;association et les réalités auxquelles elle se confronte. Cette interview a été menée par Claire Helligsø-Dubost.</p>
