{"id":11682,"date":"2025-12-08T16:21:59","date_gmt":"2025-12-08T15:21:59","guid":{"rendered":"https:\/\/radio-aviva.com\/perpignan\/?post_type=podcast&#038;p=11682"},"modified":"2025-12-08T16:31:47","modified_gmt":"2025-12-08T15:31:47","slug":"claire-sarda-verges-directrice-du-centre-europe-direct-pyrenees","status":"publish","type":"podcast","link":"https:\/\/radio-aviva.com\/perpignan\/podcast\/claire-sarda-verges-directrice-du-centre-europe-direct-pyrenees\/","title":{"rendered":"Claire Sarda-Verg\u00e8s, Directrice du Centre Europe Direct Pyr\u00e9n\u00e9es"},"content":{"rendered":"<p>Dans cet \u00e9pisode, d\u00e9couvrez le Centre Europe Direct Pyr\u00e9n\u00e9es, l&rsquo;interlocuteur direct entre l&rsquo;Union Europ\u00e9enne et les habitants des Pyr\u00e9n\u00e9es-Orientales, de l&rsquo;Aude et de l&rsquo;Ari\u00e8ge. Claire Sarda-Verg\u00e8s, directrice du Centre nous pr\u00e9sente les dispositifs mis en place pour accompagner, soutenir, et donner une voix aux citoyens europ\u00e9ens sur tout le territoire. Cette interview a \u00e9t\u00e9 men\u00e9e par Claire Helligs\u00f8-Dubost.<\/p>\n","protected":false},"author":1,"featured_media":9068,"template":"","tags":[],"podcastfilter":[179,293,135],"class_list":["post-11682","podcast","type-podcast","status-publish","has-post-thumbnail","hentry","podcastfilter-europe","podcastfilter-international","podcastfilter-linvite-de-la-redaction"],"_links":{"self":[{"href":"https:\/\/radio-aviva.com\/perpignan\/wp-json\/wp\/v2\/podcast\/11682","targetHints":{"allow":["GET"]}}],"collection":[{"href":"https:\/\/radio-aviva.com\/perpignan\/wp-json\/wp\/v2\/podcast"}],"about":[{"href":"https:\/\/radio-aviva.com\/perpignan\/wp-json\/wp\/v2\/types\/podcast"}],"author":[{"embeddable":true,"href":"https:\/\/radio-aviva.com\/perpignan\/wp-json\/wp\/v2\/users\/1"}],"version-history":[{"count":1,"href":"https:\/\/radio-aviva.com\/perpignan\/wp-json\/wp\/v2\/podcast\/11682\/revisions"}],"predecessor-version":[{"id":11683,"href":"https:\/\/radio-aviva.com\/perpignan\/wp-json\/wp\/v2\/podcast\/11682\/revisions\/11683"}],"wp:featuredmedia":[{"embeddable":true,"href":"https:\/\/radio-aviva.com\/perpignan\/wp-json\/wp\/v2\/media\/9068"}],"wp:attachment":[{"href":"https:\/\/radio-aviva.com\/perpignan\/wp-json\/wp\/v2\/media?parent=11682"}],"wp:term":[{"taxonomy":"post_tag","embeddable":true,"href":"https:\/\/radio-aviva.com\/perpignan\/wp-json\/wp\/v2\/tags?post=11682"},{"taxonomy":"podcastfilter","embeddable":true,"href":"https:\/\/radio-aviva.com\/perpignan\/wp-json\/wp\/v2\/podcastfilter?post=11682"}],"curies":[{"name":"wp","href":"https:\/\/api.w.org\/{rel}","templated":true}]}}

Claire Sarda-Vergès, Directrice du Centre Europe Direct Pyrénées

<p>Dans cet épisode, découvrez le Centre Europe Direct Pyrénées, l&rsquo;interlocuteur direct entre l&rsquo;Union Européenne et les habitants des Pyrénées-Orientales, de l&rsquo;Aude et de l&rsquo;Ariège. Claire Sarda-Vergès, directrice du Centre nous présente les dispositifs mis en place pour accompagner, soutenir, et donner une voix aux citoyens européens sur tout le territoire. Cette interview a été menée par Claire Helligsø-Dubost.</p>
