{"id":11684,"date":"2025-12-08T16:34:14","date_gmt":"2025-12-08T15:34:14","guid":{"rendered":"https:\/\/radio-aviva.com\/perpignan\/?post_type=podcast&#038;p=11684"},"modified":"2025-12-08T16:34:14","modified_gmt":"2025-12-08T15:34:14","slug":"sarah-maurel-chargee-de-projet-a-la-transition-alimentaire-mairie-dargeles-sur-mer","status":"publish","type":"podcast","link":"https:\/\/radio-aviva.com\/perpignan\/podcast\/sarah-maurel-chargee-de-projet-a-la-transition-alimentaire-mairie-dargeles-sur-mer\/","title":{"rendered":"Sarah Maurel, Charg\u00e9e de projet \u00e0 la Transition Alimentaire, Mairie d&rsquo;Argel\u00e8s-sur-Mer"},"content":{"rendered":"<p>Dans ce podcast, nous accueillons en studio Sarah Maurel qui nous fait le bilan de l&rsquo;Ann\u00e9e de l&rsquo;Alimentation \u00e0 Argel\u00e8s-sur-Mer, et nous fait d\u00e9couvrir les projets \u00e0 suivre pour la transition alimentaire de la commune. Cette interview a \u00e9t\u00e9 men\u00e9e par Claire Helligs\u00f8-Dubost.<\/p>\n","protected":false},"author":1,"featured_media":9068,"template":"","tags":[],"podcastfilter":[183,142,143,135],"class_list":["post-11684","podcast","type-podcast","status-publish","has-post-thumbnail","hentry","podcastfilter-agriculture","podcastfilter-ecologie","podcastfilter-environnement","podcastfilter-linvite-de-la-redaction"],"_links":{"self":[{"href":"https:\/\/radio-aviva.com\/perpignan\/wp-json\/wp\/v2\/podcast\/11684","targetHints":{"allow":["GET"]}}],"collection":[{"href":"https:\/\/radio-aviva.com\/perpignan\/wp-json\/wp\/v2\/podcast"}],"about":[{"href":"https:\/\/radio-aviva.com\/perpignan\/wp-json\/wp\/v2\/types\/podcast"}],"author":[{"embeddable":true,"href":"https:\/\/radio-aviva.com\/perpignan\/wp-json\/wp\/v2\/users\/1"}],"version-history":[{"count":1,"href":"https:\/\/radio-aviva.com\/perpignan\/wp-json\/wp\/v2\/podcast\/11684\/revisions"}],"predecessor-version":[{"id":11685,"href":"https:\/\/radio-aviva.com\/perpignan\/wp-json\/wp\/v2\/podcast\/11684\/revisions\/11685"}],"wp:featuredmedia":[{"embeddable":true,"href":"https:\/\/radio-aviva.com\/perpignan\/wp-json\/wp\/v2\/media\/9068"}],"wp:attachment":[{"href":"https:\/\/radio-aviva.com\/perpignan\/wp-json\/wp\/v2\/media?parent=11684"}],"wp:term":[{"taxonomy":"post_tag","embeddable":true,"href":"https:\/\/radio-aviva.com\/perpignan\/wp-json\/wp\/v2\/tags?post=11684"},{"taxonomy":"podcastfilter","embeddable":true,"href":"https:\/\/radio-aviva.com\/perpignan\/wp-json\/wp\/v2\/podcastfilter?post=11684"}],"curies":[{"name":"wp","href":"https:\/\/api.w.org\/{rel}","templated":true}]}}

Sarah Maurel, Chargée de projet à la Transition Alimentaire, Mairie d&rsquo;Argelès-sur-Mer

<p>Dans ce podcast, nous accueillons en studio Sarah Maurel qui nous fait le bilan de l&rsquo;Année de l&rsquo;Alimentation à Argelès-sur-Mer, et nous fait découvrir les projets à suivre pour la transition alimentaire de la commune. Cette interview a été menée par Claire Helligsø-Dubost.</p>
