{"id":11704,"date":"2026-01-08T10:41:18","date_gmt":"2026-01-08T09:41:18","guid":{"rendered":"https:\/\/radio-aviva.com\/perpignan\/?post_type=podcast&#038;p=11704"},"modified":"2026-01-08T10:41:18","modified_gmt":"2026-01-08T09:41:18","slug":"plateau-120-ans-de-la-loi-sur-la-laicite","status":"publish","type":"podcast","link":"https:\/\/radio-aviva.com\/perpignan\/podcast\/plateau-120-ans-de-la-loi-sur-la-laicite\/","title":{"rendered":"Plateau 120 ans de la  loi sur la la\u00efcit\u00e9"},"content":{"rendered":"<p style=\"text-align: left\">R\u00e9\u00e9coutez notre plateau radiophonique sur le th\u00e8me de la la\u00efcit\u00e9. 120 apr\u00e8s la loi de 1905, o\u00f9 en est-on ?<\/p>\n<p style=\"text-align: left\">Ce plateau a \u00e9t\u00e9 r\u00e9alis\u00e9 gr\u00e2ce \u00e0 la contribution de :<\/p>\n<p style=\"text-align: left\">\u2013 Agn\u00e8s Langevine, vice-pr\u00e9sidente de la R\u00e9gion Occitanie Pyr\u00e9n\u00e9es &#8211; M\u00e9diterran\u00e9e<\/p>\n<p style=\"text-align: left\">\u2013 R\u00e9my Sirvent, directeur de cabinet de l&rsquo;inspectrice acad\u00e9mique des Pyr\u00e9n\u00e9es &#8211; Orientales<\/p>\n<p style=\"text-align: left\">\u2013 Marc Taulera, diacre et d\u00e9l\u00e9gu\u00e9 dioc\u00e9sien aux relations religieuses et \u0153cum\u00e9niques<\/p>\n<p style=\"text-align: left\">\u2013 Lahcen Ralam, pr\u00e9sident de l\u2019association Les Amis du Maroc<\/p>\n<p style=\"text-align: left\">\u2013 Abderrahmane Haimiche, Ancien pr\u00e9sident de l&rsquo;association Mains dans la main<\/p>\n<p style=\"text-align: center\">\n<p>&nbsp;<\/p>\n","protected":false},"author":329,"featured_media":11698,"template":"","tags":[],"podcastfilter":[224,255,273,387,109,111],"class_list":["post-11704","podcast","type-podcast","status-publish","has-post-thumbnail","hentry","podcastfilter-commemoration","podcastfilter-evenement","podcastfilter-interreligieux","podcastfilter-laicite","podcastfilter-perpignan","podcastfilter-religion"],"_links":{"self":[{"href":"https:\/\/radio-aviva.com\/perpignan\/wp-json\/wp\/v2\/podcast\/11704","targetHints":{"allow":["GET"]}}],"collection":[{"href":"https:\/\/radio-aviva.com\/perpignan\/wp-json\/wp\/v2\/podcast"}],"about":[{"href":"https:\/\/radio-aviva.com\/perpignan\/wp-json\/wp\/v2\/types\/podcast"}],"author":[{"embeddable":true,"href":"https:\/\/radio-aviva.com\/perpignan\/wp-json\/wp\/v2\/users\/329"}],"version-history":[{"count":2,"href":"https:\/\/radio-aviva.com\/perpignan\/wp-json\/wp\/v2\/podcast\/11704\/revisions"}],"predecessor-version":[{"id":11707,"href":"https:\/\/radio-aviva.com\/perpignan\/wp-json\/wp\/v2\/podcast\/11704\/revisions\/11707"}],"wp:featuredmedia":[{"embeddable":true,"href":"https:\/\/radio-aviva.com\/perpignan\/wp-json\/wp\/v2\/media\/11698"}],"wp:attachment":[{"href":"https:\/\/radio-aviva.com\/perpignan\/wp-json\/wp\/v2\/media?parent=11704"}],"wp:term":[{"taxonomy":"post_tag","embeddable":true,"href":"https:\/\/radio-aviva.com\/perpignan\/wp-json\/wp\/v2\/tags?post=11704"},{"taxonomy":"podcastfilter","embeddable":true,"href":"https:\/\/radio-aviva.com\/perpignan\/wp-json\/wp\/v2\/podcastfilter?post=11704"}],"curies":[{"name":"wp","href":"https:\/\/api.w.org\/{rel}","templated":true}]}}

Plateau 120 ans de la  loi sur la laïcité

<p style="text-align: left">Réécoutez notre plateau radiophonique sur le thème de la laïcité. 120 après la loi de 1905, où en est-on ?</p>
<p style="text-align: left">Ce plateau a été réalisé grâce à la contribution de :</p>
<p style="text-align: left">– Agnès Langevine, vice-présidente de la Région Occitanie Pyrénées &#8211; Méditerranée</p>
<p style="text-align: left">– Rémy Sirvent, directeur de cabinet de l&rsquo;inspectrice académique des Pyrénées &#8211; Orientales</p>
<p style="text-align: left">– Marc Taulera, diacre et délégué diocésien aux relations religieuses et œcuméniques</p>
<p style="text-align: left">– Lahcen Ralam, président de l’association Les Amis du Maroc</p>
<p style="text-align: left">– Abderrahmane Haimiche, Ancien président de l&rsquo;association Mains dans la main</p>
<p style="text-align: center">
<p>&nbsp;</p>
